{"id":6077,"date":"2026-02-18T13:43:24","date_gmt":"2026-02-18T13:43:24","guid":{"rendered":"https:\/\/petshopmagelan.rs\/?post_type=product&#038;p=6077"},"modified":"2026-02-18T13:43:24","modified_gmt":"2026-02-18T13:43:24","slug":"trixie-denta-fun-igracka-od-prirodne-gume-sa-ukusom-mente","status":"publish","type":"product","link":"https:\/\/petshopmagelan.rs\/index.php\/product\/trixie-denta-fun-igracka-od-prirodne-gume-sa-ukusom-mente\/","title":{"rendered":"TRIXIE Denta Fun &#8211; Igra\u010dka od prirodne gume sa ukusom mente"},"content":{"rendered":"<p data-start=\"372\" data-end=\"629\"><strong data-start=\"372\" data-end=\"403\">TRIXIE Denta Fun Rugby Ball<\/strong> je specijalna \u017evaka\u010dka igra\u010dka za pse izra\u0111ena od <strong data-start=\"454\" data-end=\"471\">prirodne gume<\/strong> sa osve\u017eavaju\u0107im ukusom mente. Dizajnirana je da stimuli\u0161e pse i istovremeno <strong data-start=\"549\" data-end=\"565\">masira desni<\/strong>, \u010dime poma\u017ee u odr\u017eavanju dentalnog zdravlja i higijene zuba.<\/p>\n<p data-start=\"631\" data-end=\"843\">Igra\u010dka je testirana od strane nezavisnog tela za dobrobit \u017eivotinja, \u0161to garantuje sigurnost i kvalitet proizvoda. Zahvaljuju\u0107i obliku ragbi lopte, idealna je za bacanje, dono\u0161enje i interaktivnu igru sa psom.<\/p>\n<h3 data-start=\"845\" data-end=\"873\">Karakteristike proizvoda<\/h3>\n<ul data-start=\"875\" data-end=\"1043\">\n<li data-start=\"875\" data-end=\"903\">\n<p data-start=\"877\" data-end=\"903\">Materijal: prirodna guma<\/p>\n<\/li>\n<li data-start=\"904\" data-end=\"919\">\n<p data-start=\"906\" data-end=\"919\">Ukus: menta<\/p>\n<\/li>\n<li data-start=\"920\" data-end=\"942\">\n<p data-start=\"922\" data-end=\"942\">Oblik: ragbi lopta<\/p>\n<\/li>\n<li data-start=\"943\" data-end=\"960\">\n<p data-start=\"945\" data-end=\"960\">Du\u017eina: 11 cm<\/p>\n<\/li>\n<li data-start=\"961\" data-end=\"997\">\n<p data-start=\"963\" data-end=\"997\">Masira desni i podsti\u010de \u017evakanje<\/p>\n<\/li>\n<li data-start=\"998\" data-end=\"1043\">\n<p data-start=\"1000\" data-end=\"1043\">Testirana za dobrobit i za\u0161titu \u017eivotinja<\/p>\n<\/li>\n<\/ul>\n<h3 data-start=\"1045\" data-end=\"1058\">Prednosti<\/h3>\n<ul data-start=\"1060\" data-end=\"1268\">\n<li data-start=\"1060\" data-end=\"1094\">\n<p data-start=\"1062\" data-end=\"1094\">Podr\u017eava zdravlje zuba i desni<\/p>\n<\/li>\n<li data-start=\"1095\" data-end=\"1127\">\n<p data-start=\"1097\" data-end=\"1127\">Bezbedna i netoksi\u010dna za pse<\/p>\n<\/li>\n<li data-start=\"1128\" data-end=\"1176\">\n<p data-start=\"1130\" data-end=\"1176\">Podsti\u010de aktivnu igru i mentalnu stimulaciju<\/p>\n<\/li>\n<li data-start=\"1177\" data-end=\"1232\">\n<p data-start=\"1179\" data-end=\"1232\">Idealna za bacanje, dono\u0161enje i samostalno \u017evakanje<\/p>\n<\/li>\n<li data-start=\"1233\" data-end=\"1268\">\n<p data-start=\"1235\" data-end=\"1268\">Dugotrajna i izdr\u017eljiva igra\u010dka<\/p>\n<\/li>\n<\/ul>\n","protected":false},"excerpt":{"rendered":"<p><strong data-start=\"87\" data-end=\"118\">TRIXIE Denta Fun Rugby Ball<\/strong> je igra\u010dka od prirodne gume sa ukusom mente koja masira desni i podsti\u010de \u017evakanje kod pasa. Bezbedna i testirana za dobrobit \u017eivotinja, pogodna za interaktivnu igru i odr\u017eavanje dentalnog zdravlja.<\/p>\n","protected":false},"featured_media":6078,"comment_status":"open","ping_status":"closed","template":"","meta":[],"product_brand":[],"product_cat":[263,274],"product_tag":[],"class_list":{"0":"post-6077","1":"product","2":"type-product","3":"status-publish","4":"has-post-thumbnail","6":"product_cat-psi","7":"product_cat-igracke-za-pse","10":"instock","11":"shipping-taxable","12":"purchasable","13":"product-type-simple"},"_links":{"self":[{"href":"https:\/\/petshopmagelan.rs\/index.php\/wp-json\/wp\/v2\/product\/6077","targetHints":{"allow":["GET"]}}],"collection":[{"href":"https:\/\/petshopmagelan.rs\/index.php\/wp-json\/wp\/v2\/product"}],"about":[{"href":"https:\/\/petshopmagelan.rs\/index.php\/wp-json\/wp\/v2\/types\/product"}],"replies":[{"embeddable":true,"href":"https:\/\/petshopmagelan.rs\/index.php\/wp-json\/wp\/v2\/comments?post=6077"}],"wp:featuredmedia":[{"embeddable":true,"href":"https:\/\/petshopmagelan.rs\/index.php\/wp-json\/wp\/v2\/media\/6078"}],"wp:attachment":[{"href":"https:\/\/petshopmagelan.rs\/index.php\/wp-json\/wp\/v2\/media?parent=6077"}],"wp:term":[{"taxonomy":"product_brand","embeddable":true,"href":"https:\/\/petshopmagelan.rs\/index.php\/wp-json\/wp\/v2\/product_brand?post=6077"},{"taxonomy":"product_cat","embeddable":true,"href":"https:\/\/petshopmagelan.rs\/index.php\/wp-json\/wp\/v2\/product_cat?post=6077"},{"taxonomy":"product_tag","embeddable":true,"href":"https:\/\/petshopmagelan.rs\/index.php\/wp-json\/wp\/v2\/product_tag?post=6077"}],"curies":[{"name":"wp","href":"https:\/\/api.w.org\/{rel}","templated":true}]}}