{"id":5974,"date":"2026-02-16T17:30:48","date_gmt":"2026-02-16T17:30:48","guid":{"rendered":"https:\/\/petshopmagelan.rs\/?post_type=product&#038;p=5974"},"modified":"2026-02-16T17:30:48","modified_gmt":"2026-02-16T17:30:48","slug":"animology-puppy-love-sampon-za-stence-250ml","status":"publish","type":"product","link":"https:\/\/petshopmagelan.rs\/index.php\/product\/animology-puppy-love-sampon-za-stence-250ml\/","title":{"rendered":"ANIMOLOGY Puppy Love &#8211; \u0160ampon za \u0161tence, 250ml"},"content":{"rendered":"<div class=\"flex flex-col text-sm\">\n<article class=\"text-token-text-primary w-full focus:outline-none [--shadow-height:45px] has-data-writing-block:pointer-events-none has-data-writing-block:-mt-(--shadow-height) has-data-writing-block:pt-(--shadow-height) [&amp;:has([data-writing-block])&gt;*]:pointer-events-auto scroll-mt-[calc(var(--header-height)+min(200px,max(70px,20svh)))]\" dir=\"auto\" data-turn-id=\"request-WEB:8807fa02-68bf-42e9-9013-4967072a67d8-5\" data-testid=\"conversation-turn-12\" data-scroll-anchor=\"true\" data-turn=\"assistant\">\n<div class=\"text-base my-auto mx-auto pb-10 [--thread-content-margin:--spacing(4)] @w-sm\/main:[--thread-content-margin:--spacing(6)] @w-lg\/main:[--thread-content-margin:--spacing(16)] px-(--thread-content-margin)\">\n<div class=\"[--thread-content-max-width:40rem] @w-lg\/main:[--thread-content-max-width:48rem] mx-auto max-w-(--thread-content-max-width) flex-1 group\/turn-messages focus-visible:outline-hidden relative flex w-full min-w-0 flex-col agent-turn\">\n<div class=\"flex max-w-full flex-col grow\">\n<div class=\"min-h-8 text-message relative flex w-full flex-col items-end gap-2 text-start break-words whitespace-normal [.text-message+&amp;]:mt-1\" dir=\"auto\" data-message-author-role=\"assistant\" data-message-id=\"346bff8c-e6a0-4cd6-8e80-9e175f0fc0e1\" data-message-model-slug=\"gpt-5-2\">\n<div class=\"flex w-full flex-col gap-1 empty:hidden first:pt-[1px]\">\n<div class=\"markdown prose dark:prose-invert w-full wrap-break-word light markdown-new-styling\">\n<p data-start=\"371\" data-end=\"667\"><span class=\"hover:entity-accent entity-underline inline cursor-pointer align-baseline\"><span class=\"whitespace-normal\">Animology<\/span><\/span> Puppy Love Puppy Shampoo 250ml je specijalno kreiran blagi \u0161ampon za \u0161tence, namenjen ne\u017enoj nezi osetljive ko\u017ee i dlake mladih pasa. Zahvaljuju\u0107i pa\u017eljivo izbalansiranoj formuli, omogu\u0107ava dubinsko, ali blago \u010di\u0161\u0107enje bez uklanjanja prirodnih ulja iz dlake.<\/p>\n<p data-start=\"669\" data-end=\"973\">Ovaj \u0161ampon za \u0161tence \u010disti, dezodori\u0161e i neguje u jednom koraku. Oboga\u0107en je ugra\u0111enim regeneratorom i provitaminom B5 (pantenolom) koji poma\u017eu u odr\u017eavanju zdrave ko\u017ee, ja\u010danju dlake i pobolj\u0161anju njenog sjaja i meko\u0107e. Nakon kupanja, dlaka ostaje \u010dista, glatka i prijatnog, dugotrajnog \u201cPuppy\u201d mirisa.<\/p>\n<p data-start=\"975\" data-end=\"1284\">Posebna \u201eeasy rinse\u201c formula omogu\u0107ava brzo i lako ispiranje, \u0161to skra\u0107uje vreme kupanja \u2013 idealno za nemirne \u0161tence koji se tek navikavaju na higijenske rutine. Puppy Love je pogodan za sve rase i tipove dlake, uklju\u010duju\u0107i pse sa osetljivom ko\u017eom, i bezbedan je za upotrebu kod \u0161tenaca starijih od 6 nedelja.<\/p>\n<p data-start=\"1286\" data-end=\"1310\"><strong data-start=\"1286\" data-end=\"1310\">Prednosti proizvoda:<\/strong><\/p>\n<ul data-start=\"1311\" data-end=\"1556\">\n<li data-start=\"1311\" data-end=\"1363\">\n<p data-start=\"1313\" data-end=\"1363\">Blaga, ali efikasna formula za dubinsko \u010di\u0161\u0107enje<\/p>\n<\/li>\n<li data-start=\"1364\" data-end=\"1402\">\n<p data-start=\"1366\" data-end=\"1402\">Sadr\u017ei regenerator i provitamin B5<\/p>\n<\/li>\n<li data-start=\"1403\" data-end=\"1440\">\n<p data-start=\"1405\" data-end=\"1440\">Ne uklanja prirodna ulja iz dlake<\/p>\n<\/li>\n<li data-start=\"1441\" data-end=\"1470\">\n<p data-start=\"1443\" data-end=\"1470\">Pogodan za osetljivu ko\u017eu<\/p>\n<\/li>\n<li data-start=\"1471\" data-end=\"1517\">\n<p data-start=\"1473\" data-end=\"1517\">Idealan za sve \u0161tence starije od 6 nedelja<\/p>\n<\/li>\n<li data-start=\"1518\" data-end=\"1556\">\n<p data-start=\"1520\" data-end=\"1556\">Dugotrajan, prijatan \u201cPuppy\u201d miris<\/p>\n<\/li>\n<\/ul>\n<p data-start=\"1558\" data-end=\"1838\"><strong data-start=\"1558\" data-end=\"1569\">Sastav:<\/strong> Aqua, Sodium Chloride, Sodium Lauroyl Methyl Isethionate, Cocamidopropyl Betaine, Glycereth-2 Cocoate, PEG-150 Distearate, PEG-7 Glyceryl Cocoate, Polysorbate 20, Benzylhemiformal, Glycerin, Parfum (Fragrance), Panthenol, Sodium Benzoate, Sodium Hydroxide, Coumarin.<\/p>\n<p data-start=\"1840\" data-end=\"2068\" data-is-last-node=\"\" data-is-only-node=\"\">Ako tra\u017eite siguran, blag i kvalitetan \u0161ampon za prvo i svako naredno kupanje va\u0161eg ljubimca, <span class=\"hover:entity-accent entity-underline inline cursor-pointer align-baseline\"><span class=\"whitespace-normal\">Animology<\/span><\/span> Puppy Love Puppy Shampoo 250ml je idealan izbor za zdravu, \u010distu i negovanu dlaku va\u0161eg \u0161teneta.<\/p>\n<\/div>\n<\/div>\n<\/div>\n<\/div>\n<div class=\"z-0 flex min-h-[46px] justify-start\"><\/div>\n<\/div>\n<\/div>\n<\/article>\n<\/div>\n<div class=\"pointer-events-none h-px w-px absolute bottom-0\" aria-hidden=\"true\" data-edge=\"true\"><\/div>\n","protected":false},"excerpt":{"rendered":"<p><span class=\"hover:entity-accent entity-underline inline cursor-pointer align-baseline\"><span class=\"whitespace-normal\">Animology<\/span><\/span> Puppy Love Shampoo 250ml je blagi \u0161ampon za \u0161tence sa regeneratorom i provitaminom B5, posebno formulisan za osetljivu ko\u017eu mladih pasa. Efikasno \u010disti, neutrali\u0161e neprijatne mirise i ostavlja dlaku mekom, zdravom i sve\u017eom uz prepoznatljiv \u201cPuppy\u201d miris.<\/p>\n","protected":false},"featured_media":5975,"comment_status":"open","ping_status":"closed","template":"","meta":[],"product_brand":[],"product_cat":[263,287,291],"product_tag":[],"class_list":{"0":"post-5974","1":"product","2":"type-product","3":"status-publish","4":"has-post-thumbnail","6":"product_cat-psi","7":"product_cat-higijena-i-nega","8":"product_cat-samponi","11":"instock","12":"shipping-taxable","13":"purchasable","14":"product-type-simple"},"_links":{"self":[{"href":"https:\/\/petshopmagelan.rs\/index.php\/wp-json\/wp\/v2\/product\/5974","targetHints":{"allow":["GET"]}}],"collection":[{"href":"https:\/\/petshopmagelan.rs\/index.php\/wp-json\/wp\/v2\/product"}],"about":[{"href":"https:\/\/petshopmagelan.rs\/index.php\/wp-json\/wp\/v2\/types\/product"}],"replies":[{"embeddable":true,"href":"https:\/\/petshopmagelan.rs\/index.php\/wp-json\/wp\/v2\/comments?post=5974"}],"wp:featuredmedia":[{"embeddable":true,"href":"https:\/\/petshopmagelan.rs\/index.php\/wp-json\/wp\/v2\/media\/5975"}],"wp:attachment":[{"href":"https:\/\/petshopmagelan.rs\/index.php\/wp-json\/wp\/v2\/media?parent=5974"}],"wp:term":[{"taxonomy":"product_brand","embeddable":true,"href":"https:\/\/petshopmagelan.rs\/index.php\/wp-json\/wp\/v2\/product_brand?post=5974"},{"taxonomy":"product_cat","embeddable":true,"href":"https:\/\/petshopmagelan.rs\/index.php\/wp-json\/wp\/v2\/product_cat?post=5974"},{"taxonomy":"product_tag","embeddable":true,"href":"https:\/\/petshopmagelan.rs\/index.php\/wp-json\/wp\/v2\/product_tag?post=5974"}],"curies":[{"name":"wp","href":"https:\/\/api.w.org\/{rel}","templated":true}]}}