{"id":5866,"date":"2026-02-13T09:31:49","date_gmt":"2026-02-13T09:31:49","guid":{"rendered":"https:\/\/petshopmagelan.rs\/?post_type=product&#038;p=5866"},"modified":"2026-02-13T09:31:49","modified_gmt":"2026-02-13T09:31:49","slug":"mpets-jednokratne-pelene-za-pse-velicina-s","status":"publish","type":"product","link":"https:\/\/petshopmagelan.rs\/index.php\/product\/mpets-jednokratne-pelene-za-pse-velicina-s\/","title":{"rendered":"MPETS &#8211; Jednokratne pelene za pse, Veli\u010dina S"},"content":{"rendered":"<div class=\"flex flex-col text-sm pb-25\">\n<article class=\"text-token-text-primary w-full focus:outline-none [--shadow-height:45px] has-data-writing-block:pointer-events-none has-data-writing-block:-mt-(--shadow-height) has-data-writing-block:pt-(--shadow-height) [&amp;:has([data-writing-block])&gt;*]:pointer-events-auto scroll-mt-[calc(var(--header-height)+min(200px,max(70px,20svh)))]\" dir=\"auto\" data-turn-id=\"request-WEB:57e82266-e304-4f2d-a685-8a8b2880c1f3-4\" data-testid=\"conversation-turn-10\" data-scroll-anchor=\"true\" data-turn=\"assistant\">\n<div class=\"text-base my-auto mx-auto pb-10 [--thread-content-margin:--spacing(4)] @w-sm\/main:[--thread-content-margin:--spacing(6)] @w-lg\/main:[--thread-content-margin:--spacing(16)] px-(--thread-content-margin)\">\n<div class=\"[--thread-content-max-width:40rem] @w-lg\/main:[--thread-content-max-width:48rem] mx-auto max-w-(--thread-content-max-width) flex-1 group\/turn-messages focus-visible:outline-hidden relative flex w-full min-w-0 flex-col agent-turn\">\n<div class=\"flex max-w-full flex-col grow\">\n<div class=\"min-h-8 text-message relative flex w-full flex-col items-end gap-2 text-start break-words whitespace-normal [.text-message+&amp;]:mt-1\" dir=\"auto\" data-message-author-role=\"assistant\" data-message-id=\"23efd78a-4f6d-4170-a145-17cd9292d7aa\" data-message-model-slug=\"gpt-5-2\">\n<div class=\"flex w-full flex-col gap-1 empty:hidden first:pt-[1px]\">\n<div class=\"markdown prose dark:prose-invert w-full wrap-break-word light markdown-new-styling\">\n<p data-start=\"400\" data-end=\"629\"><strong data-start=\"400\" data-end=\"432\">M-PETS\u00ae pelene za \u017eenke pasa<\/strong> dizajnirane su da obezbede maksimalnu za\u0161titu i komfor u razli\u010ditim situacijama \u2013 tokom ciklusa teranja, kod problema sa kontrolom mokrenja, na putovanjima ili kod pasa koji mokre usled uzbu\u0111enja.<\/p>\n<p data-start=\"631\" data-end=\"878\">Pelene su izra\u0111ene od prozra\u010dnih materijala koji omogu\u0107avaju cirkulaciju vazduha i smanjuju rizik od iritacija. Super upijaju\u0107e jezgro brzo zadr\u017eava te\u010dnost i spre\u010dava neprijatne mirise, dok 360\u00b0 leak-proof za\u0161tita \u0161titi od curenja sa svih strana.<\/p>\n<p data-start=\"880\" data-end=\"1145\">Elasti\u010dni pojas i podesive lepljive trake omogu\u0107avaju sigurno i prilagodljivo prianjanje bez stezanja, \u010dime se obezbe\u0111uje potpuna sloboda kretanja. Ugra\u0111eni indikator vla\u017enosti jasno pokazuje kada je vreme za zamenu pelene, \u0161to dodatno olak\u0161ava odr\u017eavanje higijene.<\/p>\n<h3 data-start=\"1147\" data-end=\"1171\">Prednosti proizvoda:<\/h3>\n<ul data-start=\"1172\" data-end=\"1452\">\n<li data-start=\"1172\" data-end=\"1198\">\n<p data-start=\"1174\" data-end=\"1198\">Namenjene \u017eenkama pasa<\/p>\n<\/li>\n<li data-start=\"1199\" data-end=\"1245\">\n<p data-start=\"1201\" data-end=\"1245\">Idealne tokom teranja i kod inkontinencije<\/p>\n<\/li>\n<li data-start=\"1246\" data-end=\"1273\">\n<p data-start=\"1248\" data-end=\"1273\">360\u00b0 za\u0161tita od curenja<\/p>\n<\/li>\n<li data-start=\"1274\" data-end=\"1314\">\n<p data-start=\"1276\" data-end=\"1314\">Super upijaju\u0107e \u2013 do 12 sati za\u0161tite<\/p>\n<\/li>\n<li data-start=\"1315\" data-end=\"1338\">\n<p data-start=\"1317\" data-end=\"1338\">Indikator vla\u017enosti<\/p>\n<\/li>\n<li data-start=\"1339\" data-end=\"1362\">\n<p data-start=\"1341\" data-end=\"1362\">Prozra\u010dni materijal<\/p>\n<\/li>\n<li data-start=\"1363\" data-end=\"1399\">\n<p data-start=\"1365\" data-end=\"1399\">Elasti\u010dan pojas za ve\u0107u udobnost<\/p>\n<\/li>\n<li data-start=\"1400\" data-end=\"1452\">\n<p data-start=\"1402\" data-end=\"1452\">Sigurne i podesive trake za savr\u0161eno prijanjanje<\/p>\n<\/li>\n<\/ul>\n<h3 data-start=\"1454\" data-end=\"1469\">Veli\u010dina S:<\/h3>\n<ul data-start=\"1470\" data-end=\"1518\">\n<li data-start=\"1470\" data-end=\"1495\">\n<p data-start=\"1472\" data-end=\"1495\">Obim struka: 26\u201342 cm<\/p>\n<\/li>\n<li data-start=\"1496\" data-end=\"1518\">\n<p data-start=\"1498\" data-end=\"1518\">Te\u017eina psa: 2\u20135 kg<\/p>\n<\/li>\n<\/ul>\n<p data-start=\"1520\" data-end=\"1653\" data-is-last-node=\"\" data-is-only-node=\"\">M-PETS \u017eenske pelene za pse veli\u010dine S pru\u017eaju pouzdanu za\u0161titu, maksimalnu udobnost i \u010disto\u0107u \u2013 kod ku\u0107e, u \u0161etnji ili na putovanju.<\/p>\n<\/div>\n<\/div>\n<\/div>\n<\/div>\n<\/div>\n<\/div>\n<\/article>\n<\/div>\n","protected":false},"excerpt":{"rendered":"<p>M-PETS jednokratne pelene za \u017eenke pasa idealno su re\u0161enje tokom teranja, kod urinarne inkontinencije, putovanja ili uzbu\u0111enog mokrenja. Zahvaljuju\u0107i 360\u00b0 za\u0161titi od curenja, visokoj mo\u0107i upijanja i indikatoru vla\u017enosti, pru\u017eaju sigurnost, higijenu i udobnost do 12 sati.<\/p>\n","protected":false},"featured_media":5867,"comment_status":"open","ping_status":"closed","template":"","meta":[],"product_brand":[],"product_cat":[263,287,292],"product_tag":[],"class_list":{"0":"post-5866","1":"product","2":"type-product","3":"status-publish","4":"has-post-thumbnail","6":"product_cat-psi","7":"product_cat-higijena-i-nega","8":"product_cat-prostirke-i-pelene","11":"instock","12":"shipping-taxable","13":"purchasable","14":"product-type-simple"},"_links":{"self":[{"href":"https:\/\/petshopmagelan.rs\/index.php\/wp-json\/wp\/v2\/product\/5866","targetHints":{"allow":["GET"]}}],"collection":[{"href":"https:\/\/petshopmagelan.rs\/index.php\/wp-json\/wp\/v2\/product"}],"about":[{"href":"https:\/\/petshopmagelan.rs\/index.php\/wp-json\/wp\/v2\/types\/product"}],"replies":[{"embeddable":true,"href":"https:\/\/petshopmagelan.rs\/index.php\/wp-json\/wp\/v2\/comments?post=5866"}],"wp:featuredmedia":[{"embeddable":true,"href":"https:\/\/petshopmagelan.rs\/index.php\/wp-json\/wp\/v2\/media\/5867"}],"wp:attachment":[{"href":"https:\/\/petshopmagelan.rs\/index.php\/wp-json\/wp\/v2\/media?parent=5866"}],"wp:term":[{"taxonomy":"product_brand","embeddable":true,"href":"https:\/\/petshopmagelan.rs\/index.php\/wp-json\/wp\/v2\/product_brand?post=5866"},{"taxonomy":"product_cat","embeddable":true,"href":"https:\/\/petshopmagelan.rs\/index.php\/wp-json\/wp\/v2\/product_cat?post=5866"},{"taxonomy":"product_tag","embeddable":true,"href":"https:\/\/petshopmagelan.rs\/index.php\/wp-json\/wp\/v2\/product_tag?post=5866"}],"curies":[{"name":"wp","href":"https:\/\/api.w.org\/{rel}","templated":true}]}}