{"id":5674,"date":"2026-02-05T09:59:54","date_gmt":"2026-02-05T09:59:54","guid":{"rendered":"https:\/\/petshopmagelan.rs\/?post_type=product&#038;p=5674"},"modified":"2026-02-05T09:59:54","modified_gmt":"2026-02-05T09:59:54","slug":"versele-laga-oropharma-opti-hair-dodatak-ishrani-namenjen-smanjenju-opadanja-dlake-130gr","status":"publish","type":"product","link":"https:\/\/petshopmagelan.rs\/index.php\/product\/versele-laga-oropharma-opti-hair-dodatak-ishrani-namenjen-smanjenju-opadanja-dlake-130gr\/","title":{"rendered":"VERSELE LAGA Oropharma Opti Hair &#8211; Dodatak ishrani namenjen smanjenju opadanja dlake, 130gr"},"content":{"rendered":"<p data-start=\"396\" data-end=\"741\"><strong data-start=\"396\" data-end=\"427\">Oropharma Opti Hair granule<\/strong> su specijalizovani <strong data-start=\"447\" data-end=\"521\">dodatak ishrani namenjen smanjenju opadanja dlake i ubla\u017eavanju svraba<\/strong>, kao i pobolj\u0161anju op\u0161teg stanja ko\u017ee i dlake kod ku\u0107nih ljubimaca. Njihova pa\u017eljivo razvijena formula bazirana je na <strong data-start=\"640\" data-end=\"673\">kvascu, zovi (bazgi) i algama<\/strong>, prirodnim sastojcima koji ciljano deluju na probleme ko\u017ee i krzna.<\/p>\n<p data-start=\"743\" data-end=\"1001\">Dodate <strong data-start=\"750\" data-end=\"758\">alge<\/strong> bogate su mineralima koji su klju\u010dni za zdravu ko\u017eu i pravilnu regeneraciju dlake. <strong data-start=\"842\" data-end=\"858\">Zova (bazga)<\/strong> je prirodno bogata gvo\u017e\u0111em i poma\u017ee u prevenciji problema sa pigmentacijom dlake, dok kvasac doprinosi ja\u010danju strukture dlake i njenom sjaju.<\/p>\n<p data-start=\"1003\" data-end=\"1217\">Granule su <strong data-start=\"1014\" data-end=\"1048\">izuzetno prakti\u010dne za upotrebu<\/strong>, jer se lako me\u0161aju sa svakodnevnom hranom, bez promene ukusa obroka. Preporu\u010duju se u periodima poja\u010danog linjanja, stresa, svraba ili kada je dlaka bez sjaja i slaba.<\/p>\n<p data-start=\"1219\" data-end=\"1243\"><strong data-start=\"1219\" data-end=\"1243\">Prednosti proizvoda:<\/strong><\/p>\n<ul data-start=\"1244\" data-end=\"1492\">\n<li data-start=\"1244\" data-end=\"1280\">\n<p data-start=\"1246\" data-end=\"1280\">Smanjuje poja\u010dano opadanje dlake<\/p>\n<\/li>\n<li data-start=\"1281\" data-end=\"1316\">\n<p data-start=\"1283\" data-end=\"1316\">Ubla\u017eava svrab i iritacije ko\u017ee<\/p>\n<\/li>\n<li data-start=\"1317\" data-end=\"1360\">\n<p data-start=\"1319\" data-end=\"1360\">Podr\u017eava zdravlje ko\u017ee i kvalitet dlake<\/p>\n<\/li>\n<li data-start=\"1361\" data-end=\"1402\">\n<p data-start=\"1363\" data-end=\"1402\">Alge bogate mineralima za zdravu ko\u017eu<\/p>\n<\/li>\n<li data-start=\"1403\" data-end=\"1450\">\n<p data-start=\"1405\" data-end=\"1450\">Zova (bazga) poma\u017ee u o\u010duvanju pigmentacije<\/p>\n<\/li>\n<li data-start=\"1451\" data-end=\"1492\">\n<p data-start=\"1453\" data-end=\"1492\">Granule koje se lako me\u0161aju sa hranom<\/p>\n<\/li>\n<\/ul>\n<p data-start=\"1494\" data-end=\"1505\"><strong data-start=\"1494\" data-end=\"1505\">Sastav:<\/strong><\/p>\n<ul data-start=\"1506\" data-end=\"1653\">\n<li data-start=\"1506\" data-end=\"1544\">\n<p data-start=\"1508\" data-end=\"1544\">\u0160e\u0107eri (frukto-oligosaharidi 2,5%)<\/p>\n<\/li>\n<li data-start=\"1545\" data-end=\"1555\">\n<p data-start=\"1547\" data-end=\"1555\">Kvasci<\/p>\n<\/li>\n<li data-start=\"1556\" data-end=\"1578\">\n<p data-start=\"1558\" data-end=\"1578\">Pekarski proizvodi<\/p>\n<\/li>\n<li data-start=\"1579\" data-end=\"1587\">\n<p data-start=\"1581\" data-end=\"1587\">Alge<\/p>\n<\/li>\n<li data-start=\"1588\" data-end=\"1611\">\n<p data-start=\"1590\" data-end=\"1611\">Vo\u0107e (prah zove 2%)<\/p>\n<\/li>\n<li data-start=\"1612\" data-end=\"1653\">\n<p data-start=\"1614\" data-end=\"1653\">Meso i proizvodi \u017eivotinjskog porekla<\/p>\n<\/li>\n<\/ul>\n<p data-start=\"1655\" data-end=\"1669\"><strong data-start=\"1655\" data-end=\"1669\">Pakovanje:<\/strong><\/p>\n<ul data-start=\"1670\" data-end=\"1717\">\n<li data-start=\"1670\" data-end=\"1694\">\n<p data-start=\"1672\" data-end=\"1694\">Neto koli\u010dina: 130 g<\/p>\n<\/li>\n<\/ul>\n","protected":false},"excerpt":{"rendered":"<p><strong data-start=\"139\" data-end=\"170\">Oropharma Opti Hair granule<\/strong> su dodatak ishrani protiv poja\u010danog opadanja dlake i svraba kod ku\u0107nih ljubimaca. Formulisane sa kvascem, algama i zovom, doprinose zdravoj ko\u017ei i sjajnoj dlaci, a lako se me\u0161aju sa hranom.<\/p>\n","protected":false},"featured_media":5675,"comment_status":"open","ping_status":"closed","template":"","meta":[],"product_brand":[],"product_cat":[263,286,296],"product_tag":[],"class_list":{"0":"post-5674","1":"product","2":"type-product","3":"status-publish","4":"has-post-thumbnail","6":"product_cat-psi","7":"product_cat-zdravlje-i-suplementi","8":"product_cat-suplementi-i-vitamini","11":"instock","12":"shipping-taxable","13":"purchasable","14":"product-type-simple"},"_links":{"self":[{"href":"https:\/\/petshopmagelan.rs\/index.php\/wp-json\/wp\/v2\/product\/5674","targetHints":{"allow":["GET"]}}],"collection":[{"href":"https:\/\/petshopmagelan.rs\/index.php\/wp-json\/wp\/v2\/product"}],"about":[{"href":"https:\/\/petshopmagelan.rs\/index.php\/wp-json\/wp\/v2\/types\/product"}],"replies":[{"embeddable":true,"href":"https:\/\/petshopmagelan.rs\/index.php\/wp-json\/wp\/v2\/comments?post=5674"}],"wp:featuredmedia":[{"embeddable":true,"href":"https:\/\/petshopmagelan.rs\/index.php\/wp-json\/wp\/v2\/media\/5675"}],"wp:attachment":[{"href":"https:\/\/petshopmagelan.rs\/index.php\/wp-json\/wp\/v2\/media?parent=5674"}],"wp:term":[{"taxonomy":"product_brand","embeddable":true,"href":"https:\/\/petshopmagelan.rs\/index.php\/wp-json\/wp\/v2\/product_brand?post=5674"},{"taxonomy":"product_cat","embeddable":true,"href":"https:\/\/petshopmagelan.rs\/index.php\/wp-json\/wp\/v2\/product_cat?post=5674"},{"taxonomy":"product_tag","embeddable":true,"href":"https:\/\/petshopmagelan.rs\/index.php\/wp-json\/wp\/v2\/product_tag?post=5674"}],"curies":[{"name":"wp","href":"https:\/\/api.w.org\/{rel}","templated":true}]}}