{"id":5592,"date":"2026-02-02T21:20:06","date_gmt":"2026-02-02T21:20:06","guid":{"rendered":"https:\/\/petshopmagelan.rs\/?post_type=product&#038;p=5592"},"modified":"2026-02-02T21:20:06","modified_gmt":"2026-02-02T21:20:06","slug":"singing-friend-yara-hranilica-za-ptice","status":"publish","type":"product","link":"https:\/\/petshopmagelan.rs\/index.php\/product\/singing-friend-yara-hranilica-za-ptice\/","title":{"rendered":"SINGING FRIEND Yara &#8211; Hranilica za ptice"},"content":{"rendered":"<p data-start=\"383\" data-end=\"621\"><strong data-start=\"383\" data-end=\"410\">Yara hranilica za ptice<\/strong> dizajnirana je sa fokusom na prakti\u010dnost, kako za vlasnike, tako i za ptice. Veliki kapacitet omogu\u0107ava sme\u0161taj <strong data-start=\"523\" data-end=\"544\">8 do 10 loj kugli<\/strong>, \u0161to zna\u010di re\u0111e dopunjavanje i vi\u0161e vremena za u\u017eivanje u posmatranju ptica.<\/p>\n<p data-start=\"623\" data-end=\"916\">Hranilica je izuzetno jednostavna za kori\u0161\u0107enje i namenjena je ka\u010denju pomo\u0107u kanapa, \u0161to omogu\u0107ava lako postavljanje na drvo, ogradu ili drugu odgovaraju\u0107u povr\u0161inu. Stabilna konstrukcija pru\u017ea pticama sigurno mesto za hranjenje, dok istovremeno omogu\u0107ava lak pristup hrani ve\u0107em broju ptica.<\/p>\n<p data-start=\"918\" data-end=\"1208\">Yara je izra\u0111ena od <strong data-start=\"938\" data-end=\"970\">100% recikliranih materijala<\/strong>, ta\u010dnije od unutra\u0161njosti kori\u0161\u0107enih ambala\u017ea za napitke, \u010dime se smanjuje negativan uticaj na \u017eivotnu sredinu. Ovaj ekolo\u0161ki pristup \u010dini je odli\u010dnim izborom za sve koji \u017eele da brinu o prirodi bez kompromisa po pitanju funkcionalnosti.<\/p>\n<p data-start=\"1210\" data-end=\"1234\"><strong data-start=\"1210\" data-end=\"1234\">Prednosti proizvoda:<\/strong><\/p>\n<ul data-start=\"1235\" data-end=\"1426\">\n<li data-start=\"1235\" data-end=\"1266\">\n<p data-start=\"1237\" data-end=\"1266\">Kapacitet za 8\u201310 loj kugli<\/p>\n<\/li>\n<li data-start=\"1267\" data-end=\"1304\">\n<p data-start=\"1269\" data-end=\"1304\">Jednostavno ka\u010denje pomo\u0107u kanapa<\/p>\n<\/li>\n<li data-start=\"1305\" data-end=\"1347\">\n<p data-start=\"1307\" data-end=\"1347\">Pogodna za ve\u0107i broj ptica istovremeno<\/p>\n<\/li>\n<li data-start=\"1348\" data-end=\"1395\">\n<p data-start=\"1350\" data-end=\"1395\">Napravljena od 100% recikliranih materijala<\/p>\n<\/li>\n<li data-start=\"1396\" data-end=\"1426\">\n<p data-start=\"1398\" data-end=\"1426\">Ekolo\u0161ki i odr\u017eiv proizvod<\/p>\n<\/li>\n<\/ul>\n<p data-start=\"1428\" data-end=\"1456\"><strong data-start=\"1428\" data-end=\"1456\">Tehni\u010dke karakteristike:<\/strong><\/p>\n<ul data-start=\"1457\" data-end=\"1584\">\n<li data-start=\"1457\" data-end=\"1488\">\n<p data-start=\"1459\" data-end=\"1488\">Dimenzije: 23 x 7,5 x 25 cm<\/p>\n<\/li>\n<li data-start=\"1489\" data-end=\"1506\">\n<p data-start=\"1491\" data-end=\"1506\">Te\u017eina: 230 g<\/p>\n<\/li>\n<li data-start=\"1507\" data-end=\"1549\">\n<p data-start=\"1509\" data-end=\"1549\">Materijal: 100% reciklirani materijali<\/p>\n<\/li>\n<li data-start=\"1550\" data-end=\"1584\">\n<p data-start=\"1552\" data-end=\"1584\">Namena: hranilica za loj kugle<\/p>\n<\/li>\n<\/ul>\n","protected":false},"excerpt":{"rendered":"<p><strong data-start=\"136\" data-end=\"163\">Yara hranilica za ptice<\/strong> je ekolo\u0161ka hranilica napravljena od 100% recikliranih materijala, sa kapacitetom za 8\u201310 loj kugli. Prakti\u010dna za kori\u0161\u0107enje i laka za ka\u010denje, idealna je za dvori\u0161ta, ba\u0161te i terase.<\/p>\n","protected":false},"featured_media":5593,"comment_status":"open","ping_status":"closed","template":"","meta":[],"product_brand":[],"product_cat":[331,337,342],"product_tag":[],"class_list":{"0":"post-5592","1":"product","2":"type-product","3":"status-publish","4":"has-post-thumbnail","6":"product_cat-ptice","7":"product_cat-kavezi-i-oprema","8":"product_cat-posude-za-hranu-i-vodu","11":"instock","12":"shipping-taxable","13":"purchasable","14":"product-type-simple"},"_links":{"self":[{"href":"https:\/\/petshopmagelan.rs\/index.php\/wp-json\/wp\/v2\/product\/5592","targetHints":{"allow":["GET"]}}],"collection":[{"href":"https:\/\/petshopmagelan.rs\/index.php\/wp-json\/wp\/v2\/product"}],"about":[{"href":"https:\/\/petshopmagelan.rs\/index.php\/wp-json\/wp\/v2\/types\/product"}],"replies":[{"embeddable":true,"href":"https:\/\/petshopmagelan.rs\/index.php\/wp-json\/wp\/v2\/comments?post=5592"}],"wp:featuredmedia":[{"embeddable":true,"href":"https:\/\/petshopmagelan.rs\/index.php\/wp-json\/wp\/v2\/media\/5593"}],"wp:attachment":[{"href":"https:\/\/petshopmagelan.rs\/index.php\/wp-json\/wp\/v2\/media?parent=5592"}],"wp:term":[{"taxonomy":"product_brand","embeddable":true,"href":"https:\/\/petshopmagelan.rs\/index.php\/wp-json\/wp\/v2\/product_brand?post=5592"},{"taxonomy":"product_cat","embeddable":true,"href":"https:\/\/petshopmagelan.rs\/index.php\/wp-json\/wp\/v2\/product_cat?post=5592"},{"taxonomy":"product_tag","embeddable":true,"href":"https:\/\/petshopmagelan.rs\/index.php\/wp-json\/wp\/v2\/product_tag?post=5592"}],"curies":[{"name":"wp","href":"https:\/\/api.w.org\/{rel}","templated":true}]}}