{"id":5469,"date":"2026-01-28T12:01:26","date_gmt":"2026-01-28T12:01:26","guid":{"rendered":"https:\/\/petshopmagelan.rs\/?post_type=product&#038;p=5469"},"modified":"2026-01-28T12:01:26","modified_gmt":"2026-01-28T12:01:26","slug":"trixie-kost-za-zvakanje","status":"publish","type":"product","link":"https:\/\/petshopmagelan.rs\/index.php\/product\/trixie-kost-za-zvakanje\/","title":{"rendered":"TRIXIE &#8211; Kost za \u017evakanje"},"content":{"rendered":"<p data-start=\"399\" data-end=\"664\"><strong data-start=\"399\" data-end=\"416\">Kosti za \u017evakanje<\/strong> su prirodne poslastice za pse, izra\u0111ene od <strong data-start=\"466\" data-end=\"479\">suve ko\u017ee<\/strong>, koje predstavljaju savr\u0161enu poslasticu za pse sa alergijama na hranu. Kao <strong data-start=\"555\" data-end=\"583\">mono-proteinski proizvod<\/strong>, minimiziraju rizik od ne\u017eeljenih reakcija i pogodni su za osetljive ljubimce.<\/p>\n<p data-start=\"666\" data-end=\"837\">Dostupni su u <strong data-start=\"804\" data-end=\"834\">dve veli\u010dine i dve grama\u017ee<\/strong>:<\/p>\n<ul data-start=\"839\" data-end=\"968\">\n<li data-start=\"839\" data-end=\"896\">\n<p data-start=\"841\" data-end=\"896\"><strong data-start=\"841\" data-end=\"859\">Mala veli\u010dina:<\/strong> 17 cm, 90 g \u2013 pogodna za manje pse<\/p>\n<\/li>\n<li data-start=\"897\" data-end=\"968\">\n<p data-start=\"899\" data-end=\"968\"><strong data-start=\"899\" data-end=\"919\">Velika veli\u010dina:<\/strong> 22 cm, 230 g \u2013 idealna za srednje i velike pse<\/p>\n<\/li>\n<\/ul>\n<p data-start=\"970\" data-end=\"1122\">Chewing Bones pru\u017eaju dugotrajnu zabavu i poma\u017eu u <strong data-start=\"1021\" data-end=\"1056\">odr\u017eavanju zdravih zuba i desni<\/strong>, istovremeno zadovoljavaju\u0107i prirodnu potrebu psa za \u017evakanjem.<\/p>\n<h3 data-start=\"1124\" data-end=\"1148\">Prednosti proizvoda:<\/h3>\n<ul data-start=\"1149\" data-end=\"1401\">\n<li data-start=\"1149\" data-end=\"1203\">\n<p data-start=\"1151\" data-end=\"1203\">Mono-proteinski snack pogodan za pse sa alergijama<\/p>\n<\/li>\n<li data-start=\"1204\" data-end=\"1236\">\n<p data-start=\"1206\" data-end=\"1236\">Prirodni sastav od suve ko\u017ee<\/p>\n<\/li>\n<li data-start=\"1237\" data-end=\"1269\">\n<p data-start=\"1239\" data-end=\"1269\">Dugotrajna zabava i \u017evakanje<\/p>\n<\/li>\n<li data-start=\"1270\" data-end=\"1314\">\n<p data-start=\"1272\" data-end=\"1314\">Poma\u017ee u odr\u017eavanju zdravih zuba i desni<\/p>\n<\/li>\n<li data-start=\"1315\" data-end=\"1352\">\n<p data-start=\"1317\" data-end=\"1352\">Dostupan u dve veli\u010dine i grama\u017ee<\/p>\n<\/li>\n<li data-start=\"1353\" data-end=\"1401\">\n<p data-start=\"1355\" data-end=\"1401\">Prakti\u010dno bulk pakovanje za redovnu upotrebu<\/p>\n<\/li>\n<\/ul>\n<h3 data-start=\"1403\" data-end=\"1426\">Dimenzije i te\u017eine:<\/h3>\n<ul data-start=\"1427\" data-end=\"1483\">\n<li data-start=\"1427\" data-end=\"1453\">\n<p data-start=\"1429\" data-end=\"1453\"><strong data-start=\"1429\" data-end=\"1438\">Mala:<\/strong> 17 cm | 90 g<\/p>\n<\/li>\n<li data-start=\"1454\" data-end=\"1483\">\n<p data-start=\"1456\" data-end=\"1483\"><strong data-start=\"1456\" data-end=\"1467\">Velika:<\/strong> 22 cm | 230 g<\/p>\n<\/li>\n<\/ul>\n<h3 data-start=\"1485\" data-end=\"1496\">Sastav:<\/h3>\n<ul data-start=\"1497\" data-end=\"1526\">\n<li data-start=\"1497\" data-end=\"1526\">\n<p data-start=\"1499\" data-end=\"1526\">Suva ko\u017ea (100% prirodno)<\/p>\n<\/li>\n<\/ul>\n","protected":false},"excerpt":{"rendered":"<p><strong data-start=\"115\" data-end=\"164\">TRIXIE Chewing Bones \u2013 kost za \u017evakanje<\/strong> od suve ko\u017ee, idealan kao mono-proteinska poslastica za pse sa alergijama. Dostupna u dve veli\u010dine: <strong data-start=\"265\" data-end=\"281\">17 cm \/ 90 g<\/strong> i <strong data-start=\"284\" data-end=\"301\">22 cm \/ 230 g<\/strong>, pru\u017ea dugotrajnu zabavu i poma\u017ee u odr\u017eavanju zdravih zuba.<\/p>\n","protected":false},"featured_media":5470,"comment_status":"open","ping_status":"closed","template":"","meta":[],"product_brand":[],"product_cat":[263,273],"product_tag":[],"class_list":{"0":"post-5469","1":"product","2":"type-product","3":"status-publish","4":"has-post-thumbnail","6":"product_cat-psi","7":"product_cat-poslastice","10":"instock","11":"shipping-taxable","12":"purchasable","13":"product-type-variable"},"_links":{"self":[{"href":"https:\/\/petshopmagelan.rs\/index.php\/wp-json\/wp\/v2\/product\/5469","targetHints":{"allow":["GET"]}}],"collection":[{"href":"https:\/\/petshopmagelan.rs\/index.php\/wp-json\/wp\/v2\/product"}],"about":[{"href":"https:\/\/petshopmagelan.rs\/index.php\/wp-json\/wp\/v2\/types\/product"}],"replies":[{"embeddable":true,"href":"https:\/\/petshopmagelan.rs\/index.php\/wp-json\/wp\/v2\/comments?post=5469"}],"wp:featuredmedia":[{"embeddable":true,"href":"https:\/\/petshopmagelan.rs\/index.php\/wp-json\/wp\/v2\/media\/5470"}],"wp:attachment":[{"href":"https:\/\/petshopmagelan.rs\/index.php\/wp-json\/wp\/v2\/media?parent=5469"}],"wp:term":[{"taxonomy":"product_brand","embeddable":true,"href":"https:\/\/petshopmagelan.rs\/index.php\/wp-json\/wp\/v2\/product_brand?post=5469"},{"taxonomy":"product_cat","embeddable":true,"href":"https:\/\/petshopmagelan.rs\/index.php\/wp-json\/wp\/v2\/product_cat?post=5469"},{"taxonomy":"product_tag","embeddable":true,"href":"https:\/\/petshopmagelan.rs\/index.php\/wp-json\/wp\/v2\/product_tag?post=5469"}],"curies":[{"name":"wp","href":"https:\/\/api.w.org\/{rel}","templated":true}]}}