{"id":5324,"date":"2026-01-27T12:21:28","date_gmt":"2026-01-27T12:21:28","guid":{"rendered":"https:\/\/petshopmagelan.rs\/?post_type=product&#038;p=5324"},"modified":"2026-01-27T12:27:25","modified_gmt":"2026-01-27T12:27:25","slug":"trixie-soft-rope-povodac-za-pse","status":"publish","type":"product","link":"https:\/\/petshopmagelan.rs\/index.php\/product\/trixie-soft-rope-povodac-za-pse\/","title":{"rendered":"TRIXIE Soft Rope- Povodac za pse"},"content":{"rendered":"<p data-start=\"318\" data-end=\"515\"><strong data-start=\"318\" data-end=\"339\">Soft Rope povodac<\/strong> izra\u0111en je od kvalitetnog <strong data-start=\"366\" data-end=\"379\">mat u\u017eeta<\/strong>, okruglo pletenog za dodatnu \u010dvrsto\u0107u i dugotrajnost. Mekana struktura povoca obezbe\u0111uje udobno dr\u017eanje i ne iritira ruku tokom \u0161etnje.<\/p>\n<p data-start=\"517\" data-end=\"737\">Opremljen je <strong data-start=\"530\" data-end=\"570\">karabiner kop\u010dom (trigger snap hook)<\/strong> koja omogu\u0107ava brzo i sigurno ka\u010denje na ogrlicu ili am. Povodac je prakti\u010dan za svakodnevnu upotrebu, bilo da se radi o kratkim \u0161etnjama ili du\u017eim boravcima napolju.<\/p>\n<h3 data-start=\"744\" data-end=\"771\"><strong data-start=\"748\" data-end=\"771\">Prednosti proizvoda<\/strong><\/h3>\n<ul data-start=\"773\" data-end=\"1017\">\n<li data-start=\"773\" data-end=\"820\">\n<p data-start=\"775\" data-end=\"820\">Izra\u0111en od <strong data-start=\"786\" data-end=\"799\">mat u\u017eeta<\/strong>, prijatan na dodir<\/p>\n<\/li>\n<li data-start=\"821\" data-end=\"860\">\n<p data-start=\"823\" data-end=\"860\">Okruglo pleten za ve\u0107u izdr\u017eljivost<\/p>\n<\/li>\n<li data-start=\"861\" data-end=\"910\">\n<p data-start=\"863\" data-end=\"910\"><strong data-start=\"863\" data-end=\"882\">Karabiner kop\u010da<\/strong> za sigurno i lako ka\u010denje<\/p>\n<\/li>\n<li data-start=\"911\" data-end=\"945\">\n<p data-start=\"913\" data-end=\"945\">Udoban za dr\u017eanje tokom \u0161etnje<\/p>\n<\/li>\n<li data-start=\"946\" data-end=\"981\">\n<p data-start=\"948\" data-end=\"981\">Pogodan za svakodnevnu upotrebu<\/p>\n<\/li>\n<li data-start=\"982\" data-end=\"1017\">\n<p data-start=\"984\" data-end=\"1017\">Jednostavan i funkcionalan dizajn<\/p>\n<\/li>\n<\/ul>\n<h3 data-start=\"1024\" data-end=\"1041\"><strong data-start=\"1028\" data-end=\"1041\">Materijal<\/strong><\/h3>\n<ul data-start=\"1043\" data-end=\"1118\">\n<li data-start=\"1043\" data-end=\"1083\">\n<p data-start=\"1045\" data-end=\"1083\">Materijal: mat u\u017ee (okruglo pleteno)<\/p>\n<\/li>\n<li data-start=\"1084\" data-end=\"1118\">\n<p data-start=\"1086\" data-end=\"1118\">Kop\u010da: metalna karabiner kop\u010da<\/p>\n<\/li>\n<\/ul>\n","protected":false},"excerpt":{"rendered":"<p><strong data-start=\"112\" data-end=\"140\">Soft Rope povodac za pse<\/strong> je izdr\u017eljiv i udoban povodac od mat u\u017eeta, okruglo pleten, sa prakti\u010dnom karabiner kop\u010dom. Pogodan je za svakodnevne \u0161etnje i sigurno vo\u0111enje psa.<\/p>\n<p>Veli\u010dina M &#8211; L<br \/>\nDu\u017eina 1m<\/p>\n","protected":false},"featured_media":5329,"comment_status":"open","ping_status":"closed","template":"","meta":[],"product_brand":[],"product_cat":[263,284,288],"product_tag":[],"class_list":{"0":"post-5324","1":"product","2":"type-product","3":"status-publish","4":"has-post-thumbnail","6":"product_cat-psi","7":"product_cat-oprema-i-dodaci","8":"product_cat-povodac-i-ogrlice","11":"instock","12":"shipping-taxable","13":"purchasable","14":"product-type-variable"},"_links":{"self":[{"href":"https:\/\/petshopmagelan.rs\/index.php\/wp-json\/wp\/v2\/product\/5324","targetHints":{"allow":["GET"]}}],"collection":[{"href":"https:\/\/petshopmagelan.rs\/index.php\/wp-json\/wp\/v2\/product"}],"about":[{"href":"https:\/\/petshopmagelan.rs\/index.php\/wp-json\/wp\/v2\/types\/product"}],"replies":[{"embeddable":true,"href":"https:\/\/petshopmagelan.rs\/index.php\/wp-json\/wp\/v2\/comments?post=5324"}],"wp:featuredmedia":[{"embeddable":true,"href":"https:\/\/petshopmagelan.rs\/index.php\/wp-json\/wp\/v2\/media\/5329"}],"wp:attachment":[{"href":"https:\/\/petshopmagelan.rs\/index.php\/wp-json\/wp\/v2\/media?parent=5324"}],"wp:term":[{"taxonomy":"product_brand","embeddable":true,"href":"https:\/\/petshopmagelan.rs\/index.php\/wp-json\/wp\/v2\/product_brand?post=5324"},{"taxonomy":"product_cat","embeddable":true,"href":"https:\/\/petshopmagelan.rs\/index.php\/wp-json\/wp\/v2\/product_cat?post=5324"},{"taxonomy":"product_tag","embeddable":true,"href":"https:\/\/petshopmagelan.rs\/index.php\/wp-json\/wp\/v2\/product_tag?post=5324"}],"curies":[{"name":"wp","href":"https:\/\/api.w.org\/{rel}","templated":true}]}}