{"id":5304,"date":"2026-01-27T11:50:39","date_gmt":"2026-01-27T11:50:39","guid":{"rendered":"https:\/\/petshopmagelan.rs\/?post_type=product&#038;p=5304"},"modified":"2026-02-19T10:13:57","modified_gmt":"2026-02-19T10:13:57","slug":"royal-canin-urinary-s-o-cat-vlazna-hrana-za-otapanje-struvitnih-kamenaca-piletina-85g","status":"publish","type":"product","link":"https:\/\/petshopmagelan.rs\/index.php\/product\/royal-canin-urinary-s-o-cat-vlazna-hrana-za-otapanje-struvitnih-kamenaca-piletina-85g\/","title":{"rendered":"ROYAL CANIN Urinary S\/O Cat \u2013 Vla\u017ena hrana za otapanje struvitnih kamenaca, Piletina, 85g"},"content":{"rendered":"<p data-path-to-node=\"10\"><b data-path-to-node=\"10\" data-index-in-node=\"0\">Royal Canin Urinary S\/O<\/b> je kompletna dijetetska hrana namenjena ma\u010dkama koje pate od bakterijskog cistitisa ili urolitijaze. Ova hrana je formulisana tako da stvara urinarnu sredinu koja je nepovoljna za formiranje kamenaca, dok istovremeno aktivno poma\u017ee u razgradnji ve\u0107 postoje\u0107ih struvitnih formacija.<\/p>\n<p data-path-to-node=\"11\">Zahvaljuju\u0107i svojstvu <b data-path-to-node=\"11\" data-index-in-node=\"22\">acidifikacije mokra\u0107e<\/b> (pomo\u0107u kalcijum sulfata i DL-metionina), nivo pH vrednosti urina se odr\u017eava na optimalnom nivou za zdravlje mokra\u0107nih puteva. Veoma nizak sadr\u017eaj magnezijuma (svega 0,01%) direktno spre\u010dava &#8222;hranjenje&#8220; kristala, \u010dime se drasti\u010dno smanjuje rizik od ponovnog nastanka peska i kamenja.<\/p>\n<h3 data-path-to-node=\"12\"><b data-path-to-node=\"12\" data-index-in-node=\"0\">Glavne prednosti:<\/b><\/h3>\n<ul data-path-to-node=\"13\">\n<li>\n<p data-path-to-node=\"13,0,0\"><b data-path-to-node=\"13,0,0\" data-index-in-node=\"0\">Dvostruka uloga:<\/b> Uspe\u0161no deluje i na struvitne kamence i na kalcijum-oksalatne kristale.<\/p>\n<\/li>\n<li>\n<p data-path-to-node=\"13,1,0\"><b data-path-to-node=\"13,1,0\" data-index-in-node=\"0\">Prevencija infekcija:<\/b> Poma\u017ee u tretmanu bakterijskog cistitisa stvaranjem sredine u kojoj se bakterije te\u017ee razmno\u017eavaju.<\/p>\n<\/li>\n<li>\n<p data-path-to-node=\"13,2,0\"><b data-path-to-node=\"13,2,0\" data-index-in-node=\"0\">Visoka hidratacija:<\/b> Po\u0161to ma\u010dke prirodno piju malo vode, vla\u017ena hrana je klju\u010dna za pove\u0107anje zapremine urina i zdravlje bubrega.<\/p>\n<\/li>\n<\/ul>\n<hr data-path-to-node=\"14\" \/>\n<h3 data-path-to-node=\"15\"><b data-path-to-node=\"15\" data-index-in-node=\"0\">Indikacije i kontraindikacije:<\/b><\/h3>\n<ul data-path-to-node=\"16\">\n<li>\n<p data-path-to-node=\"16,0,0\"><b data-path-to-node=\"16,0,0\" data-index-in-node=\"0\">Indikacije:<\/b> Bakterijski cistitis, otapanje struvitnih kamenaca, prevencija struvitne i kalcijum-oksalatne urolitijaze.<\/p>\n<\/li>\n<li>\n<p data-path-to-node=\"16,1,0\"><b data-path-to-node=\"16,1,0\" data-index-in-node=\"0\">Kontraindikacije:<\/b> <b data-path-to-node=\"16,1,0\" data-index-in-node=\"18\">Ne koristiti<\/b> kod gravidnih ma\u010daka, ma\u010daka koje doje ili su u fazi rasta. Tako\u0111e je kontraindikovana kod hroni\u010dnih bolesti bubrega, sr\u010danih oboljenja, metaboli\u010dke acidoze i uz istovremenu upotrebu drugih lekova za zakiseljavanje urina.<\/p>\n<\/li>\n<\/ul>\n<hr data-path-to-node=\"17\" \/>\n<h3 data-path-to-node=\"18\"><b data-path-to-node=\"18\" data-index-in-node=\"0\">Sastav i analiza:<\/b><\/h3>\n<ul data-path-to-node=\"19\">\n<li>\n<p data-path-to-node=\"19,0,0\"><b data-path-to-node=\"19,0,0\" data-index-in-node=\"0\">Sastav:<\/b> Meso i \u017eivotinjski derivati (piletina 5%), \u017eitarice, ulja i masti, jaja i derivati jaja, minerali, meku\u0161ci i zglavkari, raznovrsni \u0161e\u0107eri.<\/p>\n<\/li>\n<li>\n<p data-path-to-node=\"19,1,0\"><b data-path-to-node=\"19,1,0\" data-index-in-node=\"0\">Analiti\u010dki sastav:<\/b> Proteini 7%, masti 5,3%, sirova vlakna 0,6%, sirovi pepeo 1,2%, vlaga 80%.<\/p>\n<\/li>\n<li>\n<p data-path-to-node=\"19,2,0\"><b data-path-to-node=\"19,2,0\" data-index-in-node=\"0\">Minerali:<\/b> Kalcijum 0,15%, Fosfor 0,14%, Magnezijum 0,01%, Natrijum 0,08%, Kalijum 0,28%, Taurin 0,125%.<\/p>\n<\/li>\n<li>\n<p data-path-to-node=\"19,3,0\"><b data-path-to-node=\"19,3,0\" data-index-in-node=\"0\">Acidifikatori urina:<\/b> Kalcijum sulfat 0,12%, DL-metionin 0,02%.<\/p>\n<\/li>\n<\/ul>\n<hr data-path-to-node=\"20\" \/>\n<h3 data-path-to-node=\"21\"><b data-path-to-node=\"21\" data-index-in-node=\"0\">Uputstvo za hranjenje:<\/b><\/h3>\n<ul data-path-to-node=\"22\">\n<li>\n<p data-path-to-node=\"22,0,0\"><b data-path-to-node=\"22,0,0\" data-index-in-node=\"0\">Za otapanje kamenaca:<\/b> Koristiti hranu u trajanju od <b data-path-to-node=\"22,0,0\" data-index-in-node=\"52\">5 do 12 nedelja<\/b>.<\/p>\n<\/li>\n<li>\n<p data-path-to-node=\"22,1,0\"><b data-path-to-node=\"22,1,0\" data-index-in-node=\"0\">Za spre\u010davanje recidiva:<\/b> Preporu\u010duje se kori\u0161\u0107enje do <b data-path-to-node=\"22,1,0\" data-index-in-node=\"54\">6 meseci<\/b>.<\/p>\n<\/li>\n<li>\n<p data-path-to-node=\"22,2,0\"><b data-path-to-node=\"22,2,0\" data-index-in-node=\"0\">Savet:<\/b> Pre po\u010detka i produ\u017eetka kori\u0161\u0107enja, obavezno konsultujte svog veterinara. Hranu poslu\u017eiti na sobnoj temperaturi.<\/p>\n<\/li>\n<\/ul>\n<hr data-path-to-node=\"23\" \/>\n<p data-path-to-node=\"24\"><b data-path-to-node=\"24\" data-index-in-node=\"0\">Obezbedite svojoj ma\u010dki olak\u0161anje i za\u0161titu urinarnog sistema uz Royal Canin Urinary S\/O!<\/b><\/p>\n","protected":false},"excerpt":{"rendered":"<ul>\n<li>\n<p data-path-to-node=\"7,0,0\"><b data-path-to-node=\"7,0,0\" data-index-in-node=\"0\">Otapanje struvita:<\/b> Efikasno poma\u017ee u rastvaranju struvitnih kamenaca i kristala u be\u0161ici.<\/p>\n<\/li>\n<li>\n<p data-path-to-node=\"7,1,0\"><b data-path-to-node=\"7,1,0\" data-index-in-node=\"0\">RSS tehnologija:<\/b> Smanjuje koncentraciju jona koji u\u010destvuju u formiranju struvitnih i kalcijum-oksalatnih kristala.<\/p>\n<\/li>\n<li>\n<p data-path-to-node=\"7,2,0\"><b data-path-to-node=\"7,2,0\" data-index-in-node=\"0\">Razbla\u017eivanje urina:<\/b> Ve\u0107i sadr\u017eaj vlage poma\u017ee u ispiranju be\u0161ike i smanjuje koncentraciju minerala u mokra\u0107i.<\/p>\n<\/li>\n<li>\n<p data-path-to-node=\"7,3,0\"><b data-path-to-node=\"7,3,0\" data-index-in-node=\"0\">Nizak magnezijum:<\/b> Ograni\u010den nivo magnezijuma, koji je klju\u010dna komponenta struvitnih kamenaca.<\/p>\n<\/li>\n<li>\n<p data-path-to-node=\"7,4,0\"><b data-path-to-node=\"7,4,0\" data-index-in-node=\"0\">Ukusna piletina:<\/b> Fina tekstura sa piletinom koju ma\u010dke rado prihvataju \u010dak i kada imaju smanjen apetit.<\/p>\n<\/li>\n<\/ul>\n","protected":false},"featured_media":5306,"comment_status":"open","ping_status":"closed","template":"","meta":[],"product_brand":[],"product_cat":[299,300,308,314,316],"product_tag":[],"class_list":{"0":"post-5304","1":"product","2":"type-product","3":"status-publish","4":"has-post-thumbnail","6":"product_cat-macke","7":"product_cat-hrana-za-macke","8":"product_cat-vlazna-i-konzervirana-hrana-hrana-za-macke","9":"product_cat-odrasle-macke-vlazna-i-konzervirana-hrana-hrana-za-macke","10":"product_cat-hipoalergenska-dijetalna-hrana-vlazna-i-konzervirana-hrana-hrana-za-macke","13":"instock","14":"shipping-taxable","15":"purchasable","16":"product-type-simple"},"_links":{"self":[{"href":"https:\/\/petshopmagelan.rs\/index.php\/wp-json\/wp\/v2\/product\/5304","targetHints":{"allow":["GET"]}}],"collection":[{"href":"https:\/\/petshopmagelan.rs\/index.php\/wp-json\/wp\/v2\/product"}],"about":[{"href":"https:\/\/petshopmagelan.rs\/index.php\/wp-json\/wp\/v2\/types\/product"}],"replies":[{"embeddable":true,"href":"https:\/\/petshopmagelan.rs\/index.php\/wp-json\/wp\/v2\/comments?post=5304"}],"wp:featuredmedia":[{"embeddable":true,"href":"https:\/\/petshopmagelan.rs\/index.php\/wp-json\/wp\/v2\/media\/5306"}],"wp:attachment":[{"href":"https:\/\/petshopmagelan.rs\/index.php\/wp-json\/wp\/v2\/media?parent=5304"}],"wp:term":[{"taxonomy":"product_brand","embeddable":true,"href":"https:\/\/petshopmagelan.rs\/index.php\/wp-json\/wp\/v2\/product_brand?post=5304"},{"taxonomy":"product_cat","embeddable":true,"href":"https:\/\/petshopmagelan.rs\/index.php\/wp-json\/wp\/v2\/product_cat?post=5304"},{"taxonomy":"product_tag","embeddable":true,"href":"https:\/\/petshopmagelan.rs\/index.php\/wp-json\/wp\/v2\/product_tag?post=5304"}],"curies":[{"name":"wp","href":"https:\/\/api.w.org\/{rel}","templated":true}]}}