{"id":5200,"date":"2026-01-23T17:38:10","date_gmt":"2026-01-23T17:38:10","guid":{"rendered":"https:\/\/petshopmagelan.rs\/?post_type=product&#038;p=5200"},"modified":"2026-01-23T17:38:11","modified_gmt":"2026-01-23T17:38:11","slug":"buster-white-dental-poslastica-za-pse-na-bazi-pirinca-sa-sipkom","status":"publish","type":"product","link":"https:\/\/petshopmagelan.rs\/index.php\/product\/buster-white-dental-poslastica-za-pse-na-bazi-pirinca-sa-sipkom\/","title":{"rendered":"BUSTER White Dental &#8211; Poslastica za pse na bazi pirin\u010da sa \u0161ipkom"},"content":{"rendered":"<p data-start=\"587\" data-end=\"913\"><strong data-start=\"587\" data-end=\"663\">Buster hipoalergenski \u0161tapi\u0107i za \u010di\u0161\u0107enje zuba na bazi pirin\u010da sa \u0161ipkom<\/strong> predstavljaju prirodan i bezbedan izbor za svakodnevnu dentalnu negu i ja\u010danje op\u0161teg zdravlja psa. Zahvaljuju\u0107i hipoalergenskoj formuli na bazi pirin\u010da, ovi \u0161tapi\u0107i su posebno preporu\u010deni psima sklonim alergijama, kao i psima sa osetljivim \u017eelucem.<\/p>\n<h3 data-start=\"915\" data-end=\"963\">\u0160ipak \u2013 prirodna podr\u0161ka imunitetu i varenju<\/h3>\n<p data-start=\"965\" data-end=\"1246\"><strong data-start=\"965\" data-end=\"974\">\u0160ipak<\/strong> je dokazan prirodni izvor vitamina i antioksidanata. Podr\u017eava imuni sistem, doprinosi pravilnom varenju i poma\u017ee u za\u0161titi organizma od \u0161tetnih oksidativnih procesa. Njegova antioksidativna svojstva poma\u017eu u neutralisanju slobodnih radikala i o\u010duvanju \u0107elijskog zdravlja.<\/p>\n<p data-start=\"1248\" data-end=\"1508\">Prirodni flavonoidi prisutni u \u0161ipku imaju protivupalno dejstvo i ja\u010daju imunitet, dok <strong data-start=\"1335\" data-end=\"1367\">pektini pobolj\u0161avaju varenje<\/strong>. <strong data-start=\"1369\" data-end=\"1382\">Vitamin C<\/strong> u\u010destvuje u regulaciji oksidativnih procesa, ja\u010da zidove krvnih sudova i pove\u0107ava otpornost organizma na infekcije i bolesti.<\/p>\n<h3 data-start=\"1510\" data-end=\"1553\">Efikasna dentalna nega za osetljive pse<\/h3>\n<p data-start=\"1555\" data-end=\"1863\">Zahvaljuju\u0107i pa\u017eljivo odabranim prirodnim sirovinama, poput \u0161ipka, ovi \u0161tapi\u0107i na bazi pirin\u010da efikasno poma\u017eu u odr\u017eavanju oralne higijene, smanjenju zubnih naslaga i o\u010duvanju zdravlja desni. Istovremeno ja\u010daju imuni sistem prirodnim vitaminom C i predstavljaju odli\u010dan izbor za pse sa dentalnim problemima.<\/p>\n<p data-start=\"1865\" data-end=\"2039\">Velika pa\u017enja posve\u0107ena je sastavu proizvoda, tako da sadr\u017ei <strong data-start=\"1926\" data-end=\"1966\">isklju\u010divo \u010diste i prirodne sastojke<\/strong>, bez nezdravih dodataka koji bi mogli negativno uticati na zdravlje psa.<\/p>\n<h3 data-start=\"2041\" data-end=\"2065\">Prednosti proizvoda:<\/h3>\n<ul data-start=\"2066\" data-end=\"2357\">\n<li data-start=\"2066\" data-end=\"2088\">\n<p data-start=\"2068\" data-end=\"2088\">\u010disti zube i desni<\/p>\n<\/li>\n<li data-start=\"2089\" data-end=\"2126\">\n<p data-start=\"2091\" data-end=\"2126\">poma\u017ee u smanjenju zubnih naslaga<\/p>\n<\/li>\n<li data-start=\"2127\" data-end=\"2180\">\n<p data-start=\"2129\" data-end=\"2180\">ja\u010da imuni sistem zahvaljuju\u0107i \u0161ipku i vitaminu C<\/p>\n<\/li>\n<li data-start=\"2181\" data-end=\"2203\">\n<p data-start=\"2183\" data-end=\"2203\">pobolj\u0161ava varenje<\/p>\n<\/li>\n<li data-start=\"2204\" data-end=\"2238\">\n<p data-start=\"2206\" data-end=\"2238\">sna\u017eno antioksidativno dejstvo<\/p>\n<\/li>\n<li data-start=\"2239\" data-end=\"2281\">\n<p data-start=\"2241\" data-end=\"2281\">hipoalergenska formula na bazi pirin\u010da<\/p>\n<\/li>\n<li data-start=\"2282\" data-end=\"2318\">\n<p data-start=\"2284\" data-end=\"2318\">preporu\u010deno za pse sa alergijama<\/p>\n<\/li>\n<li data-start=\"2319\" data-end=\"2357\">\n<p data-start=\"2321\" data-end=\"2357\">napravljeno od prirodnih sastojaka<\/p>\n<\/li>\n<\/ul>\n<h3 data-start=\"2364\" data-end=\"2406\">Veli\u010dine i pakovanja (prema te\u017eini psa)<\/h3>\n<ul data-start=\"2408\" data-end=\"2536\">\n<li data-start=\"2408\" data-end=\"2449\">\n<p data-start=\"2410\" data-end=\"2449\"><strong data-start=\"2410\" data-end=\"2419\">110 g<\/strong> \u2013 za pse te\u017eine <strong data-start=\"2436\" data-end=\"2447\">5\u201310 kg<\/strong><\/p>\n<\/li>\n<li data-start=\"2450\" data-end=\"2492\">\n<p data-start=\"2452\" data-end=\"2492\"><strong data-start=\"2452\" data-end=\"2461\">180 g<\/strong> \u2013 za pse te\u017eine <strong data-start=\"2478\" data-end=\"2490\">10\u201325 kg<\/strong><\/p>\n<\/li>\n<li data-start=\"2493\" data-end=\"2536\">\n<p data-start=\"2495\" data-end=\"2536\"><strong data-start=\"2495\" data-end=\"2504\">270 g<\/strong> \u2013 za pse te\u017eine <strong data-start=\"2521\" data-end=\"2536\">preko 25 kg<\/strong><\/p>\n<\/li>\n<\/ul>\n","protected":false},"excerpt":{"rendered":"<p data-start=\"209\" data-end=\"558\"><strong data-start=\"209\" data-end=\"285\">Buster hipoalergenski \u0161tapi\u0107i za \u010di\u0161\u0107enje zuba na bazi pirin\u010da sa \u0161ipkom<\/strong> namenjeni su psima svih rasa i veli\u010dina, posebno psima sa alergijama i osetljivim digestivnim sistemom. \u0160ipak je prirodni izvor vitamina C koji ja\u010da imuni sistem, pobolj\u0161ava varenje i deluje kao sna\u017ean antioksidans, dok \u0161tapi\u0107i istovremeno doprinose zdravlju zuba i desni.<\/p>\n","protected":false},"featured_media":5202,"comment_status":"open","ping_status":"closed","template":"","meta":[],"product_brand":[],"product_cat":[263,273],"product_tag":[],"class_list":{"0":"post-5200","1":"product","2":"type-product","3":"status-publish","4":"has-post-thumbnail","6":"product_cat-psi","7":"product_cat-poslastice","10":"instock","11":"shipping-taxable","12":"purchasable","13":"product-type-variable"},"_links":{"self":[{"href":"https:\/\/petshopmagelan.rs\/index.php\/wp-json\/wp\/v2\/product\/5200","targetHints":{"allow":["GET"]}}],"collection":[{"href":"https:\/\/petshopmagelan.rs\/index.php\/wp-json\/wp\/v2\/product"}],"about":[{"href":"https:\/\/petshopmagelan.rs\/index.php\/wp-json\/wp\/v2\/types\/product"}],"replies":[{"embeddable":true,"href":"https:\/\/petshopmagelan.rs\/index.php\/wp-json\/wp\/v2\/comments?post=5200"}],"wp:featuredmedia":[{"embeddable":true,"href":"https:\/\/petshopmagelan.rs\/index.php\/wp-json\/wp\/v2\/media\/5202"}],"wp:attachment":[{"href":"https:\/\/petshopmagelan.rs\/index.php\/wp-json\/wp\/v2\/media?parent=5200"}],"wp:term":[{"taxonomy":"product_brand","embeddable":true,"href":"https:\/\/petshopmagelan.rs\/index.php\/wp-json\/wp\/v2\/product_brand?post=5200"},{"taxonomy":"product_cat","embeddable":true,"href":"https:\/\/petshopmagelan.rs\/index.php\/wp-json\/wp\/v2\/product_cat?post=5200"},{"taxonomy":"product_tag","embeddable":true,"href":"https:\/\/petshopmagelan.rs\/index.php\/wp-json\/wp\/v2\/product_tag?post=5200"}],"curies":[{"name":"wp","href":"https:\/\/api.w.org\/{rel}","templated":true}]}}