{"id":4820,"date":"2026-01-11T19:00:47","date_gmt":"2026-01-11T19:00:47","guid":{"rendered":"https:\/\/petshopmagelan.rs\/?post_type=product&#038;p=4820"},"modified":"2026-02-03T15:46:11","modified_gmt":"2026-02-03T15:46:11","slug":"animology-cloud-k9-sprej-za-pse-150ml","status":"publish","type":"product","link":"https:\/\/petshopmagelan.rs\/index.php\/product\/animology-cloud-k9-sprej-za-pse-150ml\/","title":{"rendered":"ANIMOLOGY Cloud K9 &#8211; Sprej za pse 150ml"},"content":{"rendered":"<p data-start=\"426\" data-end=\"751\">Cloud K9 Body Mist 150 ml, brenda Animology, je kvalitetan mirisni sprej za pse, namenjen osve\u017eavanju dlake i neutralisanju neprijatnih mirisa izme\u0111u kupanja. Ovaj body mist ima \u017eivahan i mu\u017eevan miris, sa dugotrajnim notama <strong data-start=\"651\" data-end=\"664\">bergamota<\/strong> i <strong data-start=\"667\" data-end=\"688\">hrastove mahovine<\/strong>, koji psu daje \u010dist i prijatan miris bez prejakog intenziteta.<\/p>\n<p data-start=\"753\" data-end=\"1006\">Formula je pa\u017eljivo razvijena bez alkohola, sulfata, parabena i silikona, \u0161to ga \u010dini bezbednim i pogodnim za redovnu upotrebu, \u010dak i kod pasa sa osetljivom ko\u017eom. Sprej ne isu\u0161uje dlaku i ko\u017eu, ve\u0107 ostavlja osve\u017eavaju\u0107i miris i prijatan ose\u0107aj \u010disto\u0107e.<\/p>\n<p data-start=\"1008\" data-end=\"1135\">Cloud K9 Body Mist je idealan za upotrebu nakon \u0161etnje, izme\u0111u kupanja ili kada \u017eelite da va\u0161 pas uvek miri\u0161e sve\u017ee i negovano.<\/p>\n<p data-start=\"1137\" data-end=\"1161\"><strong data-start=\"1137\" data-end=\"1161\">Prednosti proizvoda:<\/strong><\/p>\n<ul data-start=\"1162\" data-end=\"1390\">\n<li data-start=\"1162\" data-end=\"1209\">\n<p data-start=\"1164\" data-end=\"1209\">Mirisni sprej za pse sa dugotrajnim efektom<\/p>\n<\/li>\n<li data-start=\"1210\" data-end=\"1272\">\n<p data-start=\"1212\" data-end=\"1272\">Mu\u017eevan i osve\u017eavaju\u0107i miris bergamota i hrastove mahovine<\/p>\n<\/li>\n<li data-start=\"1273\" data-end=\"1319\">\n<p data-start=\"1275\" data-end=\"1319\">Bez alkohola, sulfata, parabena i silikona<\/p>\n<\/li>\n<li data-start=\"1320\" data-end=\"1351\">\n<p data-start=\"1322\" data-end=\"1351\">Pogodan za redovnu upotrebu<\/p>\n<\/li>\n<li data-start=\"1352\" data-end=\"1390\">\n<p data-start=\"1354\" data-end=\"1390\">Ne iritira ko\u017eu i ne isu\u0161uje dlaku<\/p>\n<\/li>\n<\/ul>\n<p data-start=\"1392\" data-end=\"1415\"><strong data-start=\"1392\" data-end=\"1406\">Pakovanje:<\/strong><br data-start=\"1406\" data-end=\"1409\" \/>150 ml<\/p>\n<p data-start=\"1417\" data-end=\"1480\"><strong data-start=\"1417\" data-end=\"1428\">Sadr\u017ei:<\/strong><br data-start=\"1428\" data-end=\"1431\" \/>Benzylhemiformal, 2-Bromo-2-Nitropropane-1,3-Diol<\/p>\n","protected":false},"excerpt":{"rendered":"<p>Cloud K9 Body Mist je mirisni sprej za pse bez alkohola, sulfata, parabena i silikona. Sa dugotrajnim, notama bergamota i hrastove mahovine, pru\u017ea osve\u017eenje i prijatan miris za svakodnevnu negu psa.<\/p>\n","protected":false},"featured_media":4821,"comment_status":"open","ping_status":"closed","template":"","meta":[],"product_brand":[],"product_cat":[380,263,287],"product_tag":[],"class_list":{"0":"post-4820","1":"product","2":"type-product","3":"status-publish","4":"has-post-thumbnail","6":"product_cat-parfemi-za-pse","7":"product_cat-psi","8":"product_cat-higijena-i-nega","11":"instock","12":"shipping-taxable","13":"purchasable","14":"product-type-simple"},"_links":{"self":[{"href":"https:\/\/petshopmagelan.rs\/index.php\/wp-json\/wp\/v2\/product\/4820","targetHints":{"allow":["GET"]}}],"collection":[{"href":"https:\/\/petshopmagelan.rs\/index.php\/wp-json\/wp\/v2\/product"}],"about":[{"href":"https:\/\/petshopmagelan.rs\/index.php\/wp-json\/wp\/v2\/types\/product"}],"replies":[{"embeddable":true,"href":"https:\/\/petshopmagelan.rs\/index.php\/wp-json\/wp\/v2\/comments?post=4820"}],"wp:featuredmedia":[{"embeddable":true,"href":"https:\/\/petshopmagelan.rs\/index.php\/wp-json\/wp\/v2\/media\/4821"}],"wp:attachment":[{"href":"https:\/\/petshopmagelan.rs\/index.php\/wp-json\/wp\/v2\/media?parent=4820"}],"wp:term":[{"taxonomy":"product_brand","embeddable":true,"href":"https:\/\/petshopmagelan.rs\/index.php\/wp-json\/wp\/v2\/product_brand?post=4820"},{"taxonomy":"product_cat","embeddable":true,"href":"https:\/\/petshopmagelan.rs\/index.php\/wp-json\/wp\/v2\/product_cat?post=4820"},{"taxonomy":"product_tag","embeddable":true,"href":"https:\/\/petshopmagelan.rs\/index.php\/wp-json\/wp\/v2\/product_tag?post=4820"}],"curies":[{"name":"wp","href":"https:\/\/api.w.org\/{rel}","templated":true}]}}