{"id":4796,"date":"2026-01-11T17:59:33","date_gmt":"2026-01-11T17:59:33","guid":{"rendered":"https:\/\/petshopmagelan.rs\/?post_type=product&#038;p=4796"},"modified":"2026-02-03T15:37:34","modified_gmt":"2026-02-03T15:37:34","slug":"pedigree-hrana-za-odrasle-pse-govedina-i-povrce-12kg","status":"publish","type":"product","link":"https:\/\/petshopmagelan.rs\/index.php\/product\/pedigree-hrana-za-odrasle-pse-govedina-i-povrce-12kg\/","title":{"rendered":"PEDIGREE &#8211; Hrana za odrasle pse, Govedina i povr\u0107e, 12kg"},"content":{"rendered":"<p data-start=\"489\" data-end=\"779\">Pedigree Dry Complete Adult Dog Beef &amp; Vegetables 12 kg je 100% kompletna i balansirana suva hrana namenjena odraslim psima svih rasa. Proizvedena od pa\u017eljivo odabranih prirodnih sastojaka, uz dodatak vitamina i minerala, obezbe\u0111uje sve \u0161to je potrebno za zdrav, aktivan i sre\u0107an \u017eivot psa.<\/p>\n<p data-start=\"781\" data-end=\"1035\">Posebno dizajnirana tekstura granula poma\u017ee u \u010di\u0161\u0107enju zuba tokom \u017evakanja i doprinosi boljoj oralnoj higijeni. Hrana sadr\u017ei prirodna vlakna i visokokvalitetne proteine koji podr\u017eavaju zdravu probavu, dok vitamin E poma\u017ee ja\u010danju prirodnog imuniteta psa.<\/p>\n<p data-start=\"1037\" data-end=\"1249\">Dodatak suncokretovog ulja, kao prirodnog izvora omega-6 masnih kiselina i cinka, doprinosi zdravoj ko\u017ei i sjajnoj dlaci. Pedigree receptura ne sadr\u017ei palmino ulje i proizvodi se uz odgovorno nabavljene sastojke.<\/p>\n<p data-start=\"1251\" data-end=\"1275\"><strong data-start=\"1251\" data-end=\"1275\">Prednosti proizvoda:<\/strong><\/p>\n<ul data-start=\"1276\" data-end=\"1576\">\n<li data-start=\"1276\" data-end=\"1330\">\n<p data-start=\"1278\" data-end=\"1330\">100% kompletna i uravnote\u017eena hrana za odrasle pse<\/p>\n<\/li>\n<li data-start=\"1331\" data-end=\"1384\">\n<p data-start=\"1333\" data-end=\"1384\">Posebna tekstura granula za pomo\u0107 u \u010di\u0161\u0107enju zuba<\/p>\n<\/li>\n<li data-start=\"1385\" data-end=\"1444\">\n<p data-start=\"1387\" data-end=\"1444\">Prirodna vlakna i kvalitetni proteini za zdravu probavu<\/p>\n<\/li>\n<li data-start=\"1445\" data-end=\"1497\">\n<p data-start=\"1447\" data-end=\"1497\">Vitamin E za podr\u0161ku prirodnoj odbrani organizma<\/p>\n<\/li>\n<li data-start=\"1498\" data-end=\"1554\">\n<p data-start=\"1500\" data-end=\"1554\">Omega-6 masne kiseline i cink za zdravu ko\u017eu i dlaku<\/p>\n<\/li>\n<li data-start=\"1555\" data-end=\"1576\">\n<p data-start=\"1557\" data-end=\"1576\">Bez palminog ulja<\/p>\n<\/li>\n<\/ul>\n<p data-start=\"1578\" data-end=\"1607\"><strong data-start=\"1578\" data-end=\"1593\">Pogodno za:<\/strong><br data-start=\"1593\" data-end=\"1596\" \/>Odrasle pse<\/p>\n<p data-start=\"1609\" data-end=\"1631\"><strong data-start=\"1609\" data-end=\"1623\">Pakovanje:<\/strong><br data-start=\"1623\" data-end=\"1626\" \/>12 kg<\/p>\n<p data-start=\"1633\" data-end=\"2151\"><strong data-start=\"1633\" data-end=\"1644\">Sastav:<\/strong><br data-start=\"1644\" data-end=\"1647\" \/>\u017ditarice*, meso i proizvodi \u017eivotinjskog porekla (17%, uklju\u010duju\u0107i 4% govedine u sme\u0111im granulama**), ulja i masti (uklju\u010duju\u0107i suncokretovo ulje 0,4%), biljni derivati (uklju\u010duju\u0107i su\u0161enu pulpu repe 3%<em data-start=\"1849\" data-end=\"1899\">), biljni proteinski ekstrakti, minerali, povr\u0107e<\/em> (uklju\u010duju\u0107i 0,5% su\u0161ene \u0161argarepe \u2013 odgovara 4% \u0161argarepe u narand\u017eastim granulama i 1% su\u0161enog gra\u0161ka \u2013 odgovara 4% gra\u0161ka u zelenim granulama**).<br data-start=\"2048\" data-end=\"2051\" \/>*Prirodni sastojci<br data-start=\"2070\" data-end=\"2073\" \/>**Sme\u0111e granule \u010dine pribli\u017eno 80% proizvoda, narand\u017easte i zelene po oko 10%<\/p>\n<p data-start=\"2153\" data-end=\"2238\"><strong data-start=\"2153\" data-end=\"2175\">Analiti\u010dki sastav:<\/strong><br data-start=\"2175\" data-end=\"2178\" \/>Proteini 21,6% \u2022 Sirova vlakna 2,6% \u2022 Masti 11,2% \u2022 Pepeo 7%<\/p>\n","protected":false},"excerpt":{"rendered":"<p data-start=\"205\" data-end=\"455\">Pedigree Dry Complete Adult Dog Beef &amp; Vegetables je kompletna i uravnote\u017eena suva hrana za odrasle pse, sa govedinom i povr\u0107em. Posebna tekstura granula poma\u017ee \u010di\u0161\u0107enju zuba, dok prirodna vlakna i visokokvalitetni proteini doprinose zdravom varenju.<\/p>\n","protected":false},"featured_media":4797,"comment_status":"open","ping_status":"closed","template":"","meta":[],"product_brand":[],"product_cat":[263,264,265,267],"product_tag":[],"class_list":{"0":"post-4796","1":"product","2":"type-product","3":"status-publish","4":"has-post-thumbnail","6":"product_cat-psi","7":"product_cat-hrana-za-pse","8":"product_cat-suva-hrana","9":"product_cat-odrasli-psi","12":"instock","13":"shipping-taxable","14":"purchasable","15":"product-type-simple"},"_links":{"self":[{"href":"https:\/\/petshopmagelan.rs\/index.php\/wp-json\/wp\/v2\/product\/4796","targetHints":{"allow":["GET"]}}],"collection":[{"href":"https:\/\/petshopmagelan.rs\/index.php\/wp-json\/wp\/v2\/product"}],"about":[{"href":"https:\/\/petshopmagelan.rs\/index.php\/wp-json\/wp\/v2\/types\/product"}],"replies":[{"embeddable":true,"href":"https:\/\/petshopmagelan.rs\/index.php\/wp-json\/wp\/v2\/comments?post=4796"}],"wp:featuredmedia":[{"embeddable":true,"href":"https:\/\/petshopmagelan.rs\/index.php\/wp-json\/wp\/v2\/media\/4797"}],"wp:attachment":[{"href":"https:\/\/petshopmagelan.rs\/index.php\/wp-json\/wp\/v2\/media?parent=4796"}],"wp:term":[{"taxonomy":"product_brand","embeddable":true,"href":"https:\/\/petshopmagelan.rs\/index.php\/wp-json\/wp\/v2\/product_brand?post=4796"},{"taxonomy":"product_cat","embeddable":true,"href":"https:\/\/petshopmagelan.rs\/index.php\/wp-json\/wp\/v2\/product_cat?post=4796"},{"taxonomy":"product_tag","embeddable":true,"href":"https:\/\/petshopmagelan.rs\/index.php\/wp-json\/wp\/v2\/product_tag?post=4796"}],"curies":[{"name":"wp","href":"https:\/\/api.w.org\/{rel}","templated":true}]}}