{"id":4604,"date":"2026-01-08T11:30:27","date_gmt":"2026-01-08T11:30:27","guid":{"rendered":"https:\/\/petshopmagelan.rs\/?post_type=product&#038;p=4604"},"modified":"2026-01-26T19:42:40","modified_gmt":"2026-01-26T19:42:40","slug":"monge-vetsolution-vlazna-hrana-za-pse-sa-viskom-telesne-tezine-ili-dijabetesom-400gr","status":"publish","type":"product","link":"https:\/\/petshopmagelan.rs\/index.php\/product\/monge-vetsolution-vlazna-hrana-za-pse-sa-viskom-telesne-tezine-ili-dijabetesom-400gr\/","title":{"rendered":"MONGE VetSolution &#8211; Vla\u017ena hrana za pse sa vi\u0161kom telesne te\u017eine ili dijabetesom, 400gr"},"content":{"rendered":"<p data-start=\"558\" data-end=\"930\"><strong data-start=\"558\" data-end=\"617\">Monge VetSolution Canine Diabetic &amp; Obesity Monoprotein<\/strong> je <strong data-start=\"621\" data-end=\"658\">kompletna dijetetska hrana za pse<\/strong>, dizajnirana za pse sa <strong data-start=\"682\" data-end=\"723\">vi\u0161kom telesne te\u017eine ili dijabetesom<\/strong>. Ova hrana kombinuje <strong data-start=\"745\" data-end=\"773\">nizak energetski sadr\u017eaj<\/strong>, kontrolisani nivo mono- i disaharida i pa\u017eljivo odabrane funkcionalne sastojke kako bi se podr\u017eala kontrola te\u017eine i optimalna regulacija glukoze u krvi.<\/p>\n<h3 data-start=\"932\" data-end=\"954\">Klju\u010dne prednosti:<\/h3>\n<p data-start=\"956\" data-end=\"987\"><strong data-start=\"956\" data-end=\"985\">Kontrola te\u017eine i sitost:<\/strong><\/p>\n<ul data-start=\"988\" data-end=\"1160\">\n<li data-start=\"988\" data-end=\"1080\">\n<p data-start=\"990\" data-end=\"1080\">Sadr\u017ei <strong data-start=\"997\" data-end=\"1017\">Plantago semenke<\/strong>, koje usporavaju pra\u017enjenje \u017eeluca i pru\u017eaju ose\u0107aj sitosti.<\/p>\n<\/li>\n<li data-start=\"1081\" data-end=\"1160\">\n<p data-start=\"1083\" data-end=\"1160\">Niska energetska vrednost hrane poma\u017ee u postepenom smanjenju telesne mase.<\/p>\n<\/li>\n<\/ul>\n<p data-start=\"1162\" data-end=\"1211\"><strong data-start=\"1162\" data-end=\"1209\">Podr\u0161ka za dijabetes i metabolizam glukoze:<\/strong><\/p>\n<ul data-start=\"1212\" data-end=\"1324\">\n<li data-start=\"1212\" data-end=\"1324\">\n<p data-start=\"1214\" data-end=\"1324\">Formulisana sa <strong data-start=\"1229\" data-end=\"1265\">niskim nivoom mono- i disaharida<\/strong>, \u0161to poma\u017ee u odr\u017eavanju stabilnog nivoa glukoze u krvi.<\/p>\n<\/li>\n<\/ul>\n<p data-start=\"1326\" data-end=\"1379\"><strong data-start=\"1326\" data-end=\"1377\">Jedan izvor proteina (Monoprotein \u2013 tunjevina):<\/strong><\/p>\n<ul data-start=\"1380\" data-end=\"1512\">\n<li data-start=\"1380\" data-end=\"1437\">\n<p data-start=\"1382\" data-end=\"1437\">Idealno za pse sa osetljivim stomakom ili alergijama.<\/p>\n<\/li>\n<li data-start=\"1438\" data-end=\"1512\">\n<p data-start=\"1440\" data-end=\"1512\">Visokokvalitetni proteinski izvor podr\u017eava mi\u0161i\u0107nu masu i metabolizam.<\/p>\n<\/li>\n<\/ul>\n<p data-start=\"1514\" data-end=\"1564\"><strong data-start=\"1514\" data-end=\"1562\">Podr\u0161ka imunom sistemu i crevnoj mikroflori:<\/strong><\/p>\n<ul data-start=\"1565\" data-end=\"1815\">\n<li data-start=\"1565\" data-end=\"1624\">\n<p data-start=\"1567\" data-end=\"1624\"><strong data-start=\"1567\" data-end=\"1581\">Nukleotidi<\/strong> iz kvasca poma\u017eu ja\u010danju imunog sistema.<\/p>\n<\/li>\n<li data-start=\"1625\" data-end=\"1699\">\n<p data-start=\"1627\" data-end=\"1699\"><strong data-start=\"1627\" data-end=\"1655\">Xylo-oligosaharidi (XOS)<\/strong> poma\u017eu o\u010duvanju zdrave crevne mikroflore.<\/p>\n<\/li>\n<li data-start=\"1700\" data-end=\"1815\">\n<p data-start=\"1702\" data-end=\"1815\">Kombinacija funkcionalnih vlakana i niskog glikemijskog indeksa podr\u017eava pravilno varenje i op\u0161te zdravlje psa.<\/p>\n<\/li>\n<\/ul>\n<h3 data-start=\"1817\" data-end=\"1830\">Sastav:<\/h3>\n<p data-start=\"1831\" data-end=\"2092\">Tunjevina (65%), krompirov skrob, riblje ulje (lososovo ulje 2%), proizvodi od kvasca (1%, hidrolizovani, od kojih slobodni nukleotidi 44%), minerali, xylo-oligosaharidi (XOS 0,4%), Plantago semenke (0,2%). Glikemijski izvor ugljenih hidrata: krompirov skrob.<\/p>\n","protected":false},"excerpt":{"rendered":"<p><strong data-start=\"194\" data-end=\"265\">Monge VetSolution Canine Diabetic &amp; Obesity Monoprotein \u2013 tunjevina<\/strong> je kompletna dijetetska hrana za pse, posebno formulisana za <strong data-start=\"327\" data-end=\"381\">kontrolu telesne te\u017eine i regulaciju nivoa glukoze<\/strong> (dijabetes). Sa niskim glikemijskim indeksom, jednim izvorom proteina i dodatkom vlakana i XOS, podr\u017eava zdrav metabolizam i crevnu mikrofloru.<\/p>\n","protected":false},"featured_media":4606,"comment_status":"open","ping_status":"closed","template":"","meta":[],"product_brand":[],"product_cat":[263,264,269,271,272],"product_tag":[],"class_list":{"0":"post-4604","1":"product","2":"type-product","3":"status-publish","4":"has-post-thumbnail","6":"product_cat-psi","7":"product_cat-hrana-za-pse","8":"product_cat-vlazna-i-konzervirana-hrana","9":"product_cat-odrasli-psi-vlazna-i-konzervirana-hrana","10":"product_cat-hipoalergenska-dijetalna-hrana-vlazna-i-konzervirana-hrana","13":"instock","14":"shipping-taxable","15":"purchasable","16":"product-type-simple"},"_links":{"self":[{"href":"https:\/\/petshopmagelan.rs\/index.php\/wp-json\/wp\/v2\/product\/4604","targetHints":{"allow":["GET"]}}],"collection":[{"href":"https:\/\/petshopmagelan.rs\/index.php\/wp-json\/wp\/v2\/product"}],"about":[{"href":"https:\/\/petshopmagelan.rs\/index.php\/wp-json\/wp\/v2\/types\/product"}],"replies":[{"embeddable":true,"href":"https:\/\/petshopmagelan.rs\/index.php\/wp-json\/wp\/v2\/comments?post=4604"}],"wp:featuredmedia":[{"embeddable":true,"href":"https:\/\/petshopmagelan.rs\/index.php\/wp-json\/wp\/v2\/media\/4606"}],"wp:attachment":[{"href":"https:\/\/petshopmagelan.rs\/index.php\/wp-json\/wp\/v2\/media?parent=4604"}],"wp:term":[{"taxonomy":"product_brand","embeddable":true,"href":"https:\/\/petshopmagelan.rs\/index.php\/wp-json\/wp\/v2\/product_brand?post=4604"},{"taxonomy":"product_cat","embeddable":true,"href":"https:\/\/petshopmagelan.rs\/index.php\/wp-json\/wp\/v2\/product_cat?post=4604"},{"taxonomy":"product_tag","embeddable":true,"href":"https:\/\/petshopmagelan.rs\/index.php\/wp-json\/wp\/v2\/product_tag?post=4604"}],"curies":[{"name":"wp","href":"https:\/\/api.w.org\/{rel}","templated":true}]}}