{"id":4369,"date":"2026-02-04T17:55:48","date_gmt":"2026-02-04T17:55:48","guid":{"rendered":"https:\/\/petshopmagelan.rs\/?post_type=product&#038;p=4369"},"modified":"2026-02-04T17:55:48","modified_gmt":"2026-02-04T17:55:48","slug":"tetra-pond-variety-sticks-hrana-za-sve-vrste-ribica-u-stapicima-1l","status":"publish","type":"product","link":"https:\/\/petshopmagelan.rs\/index.php\/product\/tetra-pond-variety-sticks-hrana-za-sve-vrste-ribica-u-stapicima-1l\/","title":{"rendered":"TETRA Pond Variety Sticks &#8211; Hrana za sve vrste ribica u \u0161tapi\u0107ima, 1L"},"content":{"rendered":"<p data-start=\"337\" data-end=\"602\"><strong data-start=\"337\" data-end=\"366\">Tetra Pond Variety Sticks<\/strong> pru\u017eaju <strong data-start=\"375\" data-end=\"434\">raznovrsnu i kompletnu ishranu za svakodnevno hranjenje<\/strong> ribica u jezercima. Ova jedinstvena me\u0161avina tri vrste \u0161tapi\u0107a obezbe\u0111uje sve esencijalne hranljive materije za <strong data-start=\"547\" data-end=\"599\">zdrav rast, ja\u010di imunitet i bolju kvalitetu vode<\/strong>.<\/p>\n<ul data-start=\"604\" data-end=\"917\">\n<li data-start=\"604\" data-end=\"707\">\n<p data-start=\"606\" data-end=\"707\"><strong data-start=\"606\" data-end=\"629\">Narand\u017easti \u0161tapi\u0107i<\/strong> sadr\u017ee visok udeo prirodnih karotenoida za intenzivniju prirodnu boju riba.<\/p>\n<\/li>\n<li data-start=\"708\" data-end=\"825\">\n<p data-start=\"710\" data-end=\"825\"><strong data-start=\"710\" data-end=\"727\">Sme\u0111i \u0161tapi\u0107i<\/strong> sa spirulinom i p\u0161eni\u010dnim klicama su lako svarljivi, bogati proteinima i podr\u017eavaju zdrav rast.<\/p>\n<\/li>\n<li data-start=\"826\" data-end=\"917\">\n<p data-start=\"828\" data-end=\"917\"><strong data-start=\"828\" data-end=\"843\">Be\u017e \u0161tapi\u0107i<\/strong> pru\u017eaju uravnote\u017eenu me\u0161avinu hranljivih materija za kompletnu ishranu.<\/p>\n<\/li>\n<\/ul>\n<p data-start=\"919\" data-end=\"1204\">Brzo natapanje \u0161tapi\u0107a omogu\u0107ava laku konzumaciju i visoku svarljivost, \u0161to doprinosi <strong data-start=\"1005\" data-end=\"1048\">\u010distoj vodi i boljoj kvaliteti jezerc\u0301a<\/strong>. Optimizovana me\u0161avina hranljivih materija dodatno pobolj\u0161ava otpornost i vitalnost riba, osiguravaju\u0107i da va\u0161 ribnjak ostane zdrav i estetski privla\u010dan.<\/p>\n<h3 data-start=\"1211\" data-end=\"1233\">Prednosti proizvoda<\/h3>\n<ul data-start=\"1234\" data-end=\"1678\">\n<li data-start=\"1234\" data-end=\"1299\">\n<p data-start=\"1236\" data-end=\"1299\">Tri razli\u010dite vrste \u0161tapi\u0107a za raznovrsnu i kompletnu ishranu<\/p>\n<\/li>\n<li data-start=\"1300\" data-end=\"1372\">\n<p data-start=\"1302\" data-end=\"1372\">Narand\u017easti \u0161tapi\u0107i pobolj\u0161avaju prirodnu boju riba sa karotenoidima<\/p>\n<\/li>\n<li data-start=\"1373\" data-end=\"1459\">\n<p data-start=\"1375\" data-end=\"1459\">Sme\u0111i \u0161tapi\u0107i sa spirulinom i p\u0161eni\u010dnim klicama bogati proteinima i lako svarljivi<\/p>\n<\/li>\n<li data-start=\"1460\" data-end=\"1536\">\n<p data-start=\"1462\" data-end=\"1536\">Be\u017e \u0161tapi\u0107i pru\u017eaju uravnote\u017eene hranljive materije za kompletnu ishranu<\/p>\n<\/li>\n<li data-start=\"1537\" data-end=\"1603\">\n<p data-start=\"1539\" data-end=\"1603\">Brzo natapanje i visoka svarljivost za \u010distu i kvalitetnu vodu<\/p>\n<\/li>\n<li data-start=\"1604\" data-end=\"1678\">\n<p data-start=\"1606\" data-end=\"1678\">Optimizovana nutritivna formula za ja\u010danje imuniteta i vitalnosti riba<\/p>\n<\/li>\n<\/ul>\n<h3 data-start=\"1685\" data-end=\"1704\">Sastav proizvoda<\/h3>\n<p data-start=\"1705\" data-end=\"1940\">Sastav proizvoda uklju\u010duje visokokvalitetne prirodne sastojke: p\u0161eni\u010dne klice, spirulinu, karotenoide i balansiranu me\u0161avinu hranljivih materija, bez ve\u0161ta\u010dkih boja i konzervansa, za kompletnu i raznovrsnu ishranu ribica u jezercima.<\/p>\n","protected":false},"excerpt":{"rendered":"<p><strong data-start=\"137\" data-end=\"169\">Tetra Pond Variety Sticks 1L<\/strong> \u2013 kompletna i raznovrsna hrana u \u0161tapi\u0107ima za sve vrste ribica u ba\u0161tenskim jezercima, koja podr\u017eava rast, zdravlje, boju i \u010distu vodu.<\/p>\n","protected":false},"featured_media":4371,"comment_status":"open","ping_status":"closed","template":"","meta":[],"product_brand":[],"product_cat":[332,345],"product_tag":[],"class_list":{"0":"post-4369","1":"product","2":"type-product","3":"status-publish","4":"has-post-thumbnail","6":"product_cat-akvaristika","7":"product_cat-hrana-za-ribice","10":"instock","11":"shipping-taxable","12":"purchasable","13":"product-type-simple"},"_links":{"self":[{"href":"https:\/\/petshopmagelan.rs\/index.php\/wp-json\/wp\/v2\/product\/4369","targetHints":{"allow":["GET"]}}],"collection":[{"href":"https:\/\/petshopmagelan.rs\/index.php\/wp-json\/wp\/v2\/product"}],"about":[{"href":"https:\/\/petshopmagelan.rs\/index.php\/wp-json\/wp\/v2\/types\/product"}],"replies":[{"embeddable":true,"href":"https:\/\/petshopmagelan.rs\/index.php\/wp-json\/wp\/v2\/comments?post=4369"}],"wp:featuredmedia":[{"embeddable":true,"href":"https:\/\/petshopmagelan.rs\/index.php\/wp-json\/wp\/v2\/media\/4371"}],"wp:attachment":[{"href":"https:\/\/petshopmagelan.rs\/index.php\/wp-json\/wp\/v2\/media?parent=4369"}],"wp:term":[{"taxonomy":"product_brand","embeddable":true,"href":"https:\/\/petshopmagelan.rs\/index.php\/wp-json\/wp\/v2\/product_brand?post=4369"},{"taxonomy":"product_cat","embeddable":true,"href":"https:\/\/petshopmagelan.rs\/index.php\/wp-json\/wp\/v2\/product_cat?post=4369"},{"taxonomy":"product_tag","embeddable":true,"href":"https:\/\/petshopmagelan.rs\/index.php\/wp-json\/wp\/v2\/product_tag?post=4369"}],"curies":[{"name":"wp","href":"https:\/\/api.w.org\/{rel}","templated":true}]}}