{"id":4346,"date":"2026-01-28T12:07:41","date_gmt":"2026-01-28T12:07:41","guid":{"rendered":"https:\/\/petshopmagelan.rs\/?post_type=product&#038;p=4346"},"modified":"2026-01-28T12:07:41","modified_gmt":"2026-01-28T12:07:41","slug":"versele-laga-hrana-za-mlade-kunice-500gr","status":"publish","type":"product","link":"https:\/\/petshopmagelan.rs\/index.php\/product\/versele-laga-hrana-za-mlade-kunice-500gr\/","title":{"rendered":"Versele Laga &#8211; Hrana za mlade kuni\u0107e, 500gr"},"content":{"rendered":"<p data-start=\"318\" data-end=\"597\"><strong data-start=\"318\" data-end=\"355\">Versele-Laga Complete Cuni Junior<\/strong> je kompletna, visokoproteinska hrana za mlade kuni\u0107e i patuljaste ze\u010di\u0107e od 0 do 8 meseci. Ova <strong data-start=\"451\" data-end=\"473\">all-in-one formula<\/strong> spre\u010dava selektivno jedenje i obezbe\u0111uje da va\u0161 kuni\u0107 dobije sve esencijalne hranljive materije potrebne za zdrav razvoj.<\/p>\n<p data-start=\"599\" data-end=\"1065\">Hrana je bogata <strong data-start=\"615\" data-end=\"677\">vlaknima, uklju\u010duju\u0107i duga vlakna iz lucerke (alfalfa 30%)<\/strong>, koja podr\u017eavaju pravilno tro\u0161enje zuba i zdravu probavu. Pove\u0107an sadr\u017eaj <strong data-start=\"752\" data-end=\"786\">kalcijuma, proteina i vitamina<\/strong> pru\u017ea optimalne uslove za rast i razvoj mladih ze\u010deva (<em data-start=\"842\" data-end=\"855\">Opti Growth<\/em>), dok ekstrudirani peleti omogu\u0107avaju lak\u0161u probavljivost i bolju apsorpciju hranljivih materija (<em data-start=\"954\" data-end=\"967\">Opti Digest<\/em>). Dodatak <strong data-start=\"978\" data-end=\"987\">bilja<\/strong> podr\u017eava pravilno funkcionisanje \u017eeluca i creva, doprinose\u0107i op\u0161tem zdravlju.<\/p>\n<h3 data-start=\"1072\" data-end=\"1094\">Prednosti proizvoda<\/h3>\n<ul data-start=\"1095\" data-end=\"1476\">\n<li data-start=\"1095\" data-end=\"1147\">\n<p data-start=\"1097\" data-end=\"1147\">All-in-one formula \u2013 spre\u010dava selektivno jedenje<\/p>\n<\/li>\n<li data-start=\"1148\" data-end=\"1220\">\n<p data-start=\"1150\" data-end=\"1220\">Visok sadr\u017eaj proteina i kalcijuma za optimalan rast (<em data-start=\"1204\" data-end=\"1217\">Opti Growth<\/em>)<\/p>\n<\/li>\n<li data-start=\"1221\" data-end=\"1279\">\n<p data-start=\"1223\" data-end=\"1279\">Duga vlakna za pravilno tro\u0161enje zuba i zdravu probavu<\/p>\n<\/li>\n<li data-start=\"1280\" data-end=\"1353\">\n<p data-start=\"1282\" data-end=\"1353\">Laka probavljivost zahvaljuju\u0107i ekstrudiranoj formuli (<em data-start=\"1337\" data-end=\"1350\">Opti Digest<\/em>)<\/p>\n<\/li>\n<li data-start=\"1354\" data-end=\"1415\">\n<p data-start=\"1356\" data-end=\"1415\">Oboga\u0107eno biljem za podr\u0161ku funkcionisanju \u017eeluca i creva<\/p>\n<\/li>\n<li data-start=\"1416\" data-end=\"1476\">\n<p data-start=\"1418\" data-end=\"1476\">Posebno razvijeno za ze\u010di\u0107e 0\u20138 meseci i patuljaste rase<\/p>\n<\/li>\n<\/ul>\n<h3 data-start=\"1483\" data-end=\"1502\">Sastav proizvoda<\/h3>\n<p data-start=\"1503\" data-end=\"1669\">Sastav proizvoda \u010dine derivati biljnog porekla, uklju\u010duju\u0107i lucerku (alfalfa 30%), biljni proteinski ekstrakti, seme, minerali, frukto-oligosaharidi (0,3%) i yucca.<\/p>\n","protected":false},"excerpt":{"rendered":"<p>Protein-rich all-in-one hrana za kuni\u0107e (0\u20138 meseci) koja podr\u017eava optimalan rast, zdravu probavu i pravilno tro\u0161enje zuba.<\/p>\n","protected":false},"featured_media":4347,"comment_status":"open","ping_status":"closed","template":"","meta":[],"product_brand":[],"product_cat":[333,362],"product_tag":[],"class_list":{"0":"post-4346","1":"product","2":"type-product","3":"status-publish","4":"has-post-thumbnail","6":"product_cat-glodari","7":"product_cat-hrana-za-glodare","10":"instock","11":"shipping-taxable","12":"purchasable","13":"product-type-simple"},"_links":{"self":[{"href":"https:\/\/petshopmagelan.rs\/index.php\/wp-json\/wp\/v2\/product\/4346","targetHints":{"allow":["GET"]}}],"collection":[{"href":"https:\/\/petshopmagelan.rs\/index.php\/wp-json\/wp\/v2\/product"}],"about":[{"href":"https:\/\/petshopmagelan.rs\/index.php\/wp-json\/wp\/v2\/types\/product"}],"replies":[{"embeddable":true,"href":"https:\/\/petshopmagelan.rs\/index.php\/wp-json\/wp\/v2\/comments?post=4346"}],"wp:featuredmedia":[{"embeddable":true,"href":"https:\/\/petshopmagelan.rs\/index.php\/wp-json\/wp\/v2\/media\/4347"}],"wp:attachment":[{"href":"https:\/\/petshopmagelan.rs\/index.php\/wp-json\/wp\/v2\/media?parent=4346"}],"wp:term":[{"taxonomy":"product_brand","embeddable":true,"href":"https:\/\/petshopmagelan.rs\/index.php\/wp-json\/wp\/v2\/product_brand?post=4346"},{"taxonomy":"product_cat","embeddable":true,"href":"https:\/\/petshopmagelan.rs\/index.php\/wp-json\/wp\/v2\/product_cat?post=4346"},{"taxonomy":"product_tag","embeddable":true,"href":"https:\/\/petshopmagelan.rs\/index.php\/wp-json\/wp\/v2\/product_tag?post=4346"}],"curies":[{"name":"wp","href":"https:\/\/api.w.org\/{rel}","templated":true}]}}