{"id":4283,"date":"2025-12-24T12:20:03","date_gmt":"2025-12-24T12:20:03","guid":{"rendered":"https:\/\/petshopmagelan.rs\/?post_type=product&#038;p=4283"},"modified":"2025-12-24T12:20:03","modified_gmt":"2025-12-24T12:20:03","slug":"gemon-sterilized-suva-hrana-za-odrasle-macke-govedina-i-pirinac-7kg","status":"publish","type":"product","link":"https:\/\/petshopmagelan.rs\/index.php\/product\/gemon-sterilized-suva-hrana-za-odrasle-macke-govedina-i-pirinac-7kg\/","title":{"rendered":"GEMON Sterilized &#8211; Suva hrana za odrasle ma\u010dke, Govedina i pirina\u010d 7kg"},"content":{"rendered":"<p data-start=\"359\" data-end=\"898\">Gemon Sterilised Cat kombinuje <strong data-start=\"390\" data-end=\"408\">sve\u017eu govedinu<\/strong> i pirina\u010d za visokokvalitetne proteine i energiju, dok <strong data-start=\"464\" data-end=\"482\">salmonsko ulje<\/strong> obezbe\u0111uje omega-3 masne kiseline za zdravu ko\u017eu i sjajnu dlaku. Formula sadr\u017ei <strong data-start=\"563\" data-end=\"587\">prebiotike FOS i MOS<\/strong> koji poma\u017eu zdravoj crevnoj mikroflori, dok <strong data-start=\"632\" data-end=\"653\">cikla (beet pulp)<\/strong> podr\u017eava odr\u017eavanje idealne telesne te\u017eine sterilizovanih ma\u010daka. <strong data-start=\"720\" data-end=\"740\">Yucca Schidigera<\/strong> doprinosi smanjenju neprijatnih mirisa iz stolice. Hrana je napravljena bez ve\u0161ta\u010dkih boja i konzervansa i uklju\u010duje sve\u017ee meso za optimalnu palatabilnost.<\/p>\n<h3 data-start=\"905\" data-end=\"920\">Prednosti<\/h3>\n<ul data-start=\"921\" data-end=\"1302\">\n<li data-start=\"921\" data-end=\"1024\">\n<p data-start=\"923\" data-end=\"1024\"><strong data-start=\"925\" data-end=\"952\">Kontrola telesne te\u017eine<\/strong> \u2013 zahvaljuju\u0107i pa\u017eljivo odabranim vlaknima i uravnote\u017eenim kalorijama<\/p>\n<\/li>\n<li data-start=\"1025\" data-end=\"1110\">\n<p data-start=\"1027\" data-end=\"1110\"><strong data-start=\"1030\" data-end=\"1059\">Visokokvalitetni proteini<\/strong> \u2013 govedina i sve\u017ee meso za optimalnu hranljivost<\/p>\n<\/li>\n<li data-start=\"1111\" data-end=\"1169\">\n<p data-start=\"1113\" data-end=\"1169\"><strong data-start=\"1116\" data-end=\"1144\">Zdrava crevna mikroflora<\/strong> \u2013 FOS i MOS prebiotici<\/p>\n<\/li>\n<li data-start=\"1170\" data-end=\"1236\">\n<p data-start=\"1172\" data-end=\"1236\"><strong data-start=\"1175\" data-end=\"1215\">Smanjenje neprijatnih mirisa stolice<\/strong> \u2013 Yucca Schidigera<\/p>\n<\/li>\n<li data-start=\"1237\" data-end=\"1302\">\n<p data-start=\"1239\" data-end=\"1302\"><strong data-start=\"1242\" data-end=\"1272\">Sjajna dlaka i zdrava ko\u017ea<\/strong> \u2013 salmonsko ulje sa omega-3<\/p>\n<\/li>\n<\/ul>\n<h3 data-start=\"1309\" data-end=\"1321\">Sastav<\/h3>\n<ul data-start=\"1322\" data-end=\"1609\">\n<li data-start=\"1322\" data-end=\"1350\">\n<p data-start=\"1324\" data-end=\"1350\"><strong data-start=\"1324\" data-end=\"1337\">\u017ditarice:<\/strong> pirina\u010d 4%<\/p>\n<\/li>\n<li data-start=\"1351\" data-end=\"1411\">\n<p data-start=\"1353\" data-end=\"1411\"><strong data-start=\"1353\" data-end=\"1385\">Meso i \u017eivotinjski derivati:<\/strong> 38% (sve\u017ea govedina 8%)<\/p>\n<\/li>\n<li data-start=\"1412\" data-end=\"1451\">\n<p data-start=\"1414\" data-end=\"1451\"><strong data-start=\"1414\" data-end=\"1431\">Ulja i masti:<\/strong> salmonsko ulje 1%<\/p>\n<\/li>\n<li data-start=\"1452\" data-end=\"1476\">\n<p data-start=\"1454\" data-end=\"1476\"><strong data-start=\"1454\" data-end=\"1465\">Povr\u0107e:<\/strong> cikla 2%<\/p>\n<\/li>\n<li data-start=\"1477\" data-end=\"1507\">\n<p data-start=\"1479\" data-end=\"1507\"><strong data-start=\"1479\" data-end=\"1505\">Ribe i riblji derivati<\/strong><\/p>\n<\/li>\n<li data-start=\"1508\" data-end=\"1573\">\n<p data-start=\"1510\" data-end=\"1573\"><strong data-start=\"1510\" data-end=\"1539\">Derivati biljnog porekla:<\/strong> FOS 0.5%, Yucca Schidigera 0.1%<\/p>\n<\/li>\n<li data-start=\"1574\" data-end=\"1609\">\n<p data-start=\"1576\" data-end=\"1609\"><strong data-start=\"1576\" data-end=\"1598\">Minerali i kvasci:<\/strong> MOS 0.5%<\/p>\n<\/li>\n<\/ul>\n","protected":false},"excerpt":{"rendered":"<p data-start=\"160\" data-end=\"332\">Kompletna hrana za sterilizovane odrasle ma\u010dke (+12 meseci) sa <strong data-start=\"223\" data-end=\"247\">govedinom i pirin\u010dem<\/strong>, formulisanom za kontrolu telesne te\u017eine, podr\u0161ku varenju i zdravlje ko\u017ee i dlake.<\/p>\n","protected":false},"featured_media":4285,"comment_status":"open","ping_status":"closed","template":"","meta":[],"product_brand":[],"product_cat":[15],"product_tag":[],"class_list":{"0":"post-4283","1":"product","2":"type-product","3":"status-publish","4":"has-post-thumbnail","6":"product_cat-uncategorized","9":"instock","10":"shipping-taxable","11":"purchasable","12":"product-type-simple"},"_links":{"self":[{"href":"https:\/\/petshopmagelan.rs\/index.php\/wp-json\/wp\/v2\/product\/4283","targetHints":{"allow":["GET"]}}],"collection":[{"href":"https:\/\/petshopmagelan.rs\/index.php\/wp-json\/wp\/v2\/product"}],"about":[{"href":"https:\/\/petshopmagelan.rs\/index.php\/wp-json\/wp\/v2\/types\/product"}],"replies":[{"embeddable":true,"href":"https:\/\/petshopmagelan.rs\/index.php\/wp-json\/wp\/v2\/comments?post=4283"}],"wp:featuredmedia":[{"embeddable":true,"href":"https:\/\/petshopmagelan.rs\/index.php\/wp-json\/wp\/v2\/media\/4285"}],"wp:attachment":[{"href":"https:\/\/petshopmagelan.rs\/index.php\/wp-json\/wp\/v2\/media?parent=4283"}],"wp:term":[{"taxonomy":"product_brand","embeddable":true,"href":"https:\/\/petshopmagelan.rs\/index.php\/wp-json\/wp\/v2\/product_brand?post=4283"},{"taxonomy":"product_cat","embeddable":true,"href":"https:\/\/petshopmagelan.rs\/index.php\/wp-json\/wp\/v2\/product_cat?post=4283"},{"taxonomy":"product_tag","embeddable":true,"href":"https:\/\/petshopmagelan.rs\/index.php\/wp-json\/wp\/v2\/product_tag?post=4283"}],"curies":[{"name":"wp","href":"https:\/\/api.w.org\/{rel}","templated":true}]}}