{"id":4260,"date":"2026-02-09T11:27:47","date_gmt":"2026-02-09T11:27:47","guid":{"rendered":"https:\/\/petshopmagelan.rs\/?post_type=product&#038;p=4260"},"modified":"2026-02-09T11:27:57","modified_gmt":"2026-02-09T11:27:57","slug":"rawival-premium-hrana-za-odrasle-pse-malih-rasa-losos-i-haringa","status":"publish","type":"product","link":"https:\/\/petshopmagelan.rs\/index.php\/product\/rawival-premium-hrana-za-odrasle-pse-malih-rasa-losos-i-haringa\/","title":{"rendered":"RAWIVAL &#8211; Premium hrana za odrasle pse malih rasa, Losos i haringa 7.5kg"},"content":{"rendered":"<p data-start=\"529\" data-end=\"866\">Ova pa\u017eljivo formulisana hrana kombinuje sve\u017e losos (15%) i sve\u017eu haringu (11%) sa dehidriranim ribljim proteinima (losos 13%, haringa 15%) i hidrolizovanim ribljim proteinima (bakalar i osli\u0107), pru\u017eaju\u0107i visokokvalitetne proteine potrebne za mi\u0161i\u0107e, vitalnost i op\u0161te zdravlje. Riblje ulje dodatno podr\u017eava zdravu ko\u017eu i sjajnu dlaku.<\/p>\n<p data-start=\"868\" data-end=\"1126\">Zdrava me\u0161avina \u017eitarica, uklju\u010duju\u0107i drevne vrste, speltu, integralni pirina\u010d, je\u010dam, ovas i proso, pru\u017ea stabilnu energiju za igru i aktivnosti. Prebiotici i vlakna (MOS, FOS, inulin iz cikorije) doprinose zdravoj crevnoj mikroflori i optimalnoj probavi.<\/p>\n<p data-start=\"1128\" data-end=\"1468\">Specijalni sastojak braon algi (Ascophyllum Nodosum) poma\u017ee u odr\u017eavanju zdravlja zuba i desni. Prirodni antioksidansi i superhrana, poput su\u0161enih jabuka, borovnica, brusnica, tre\u0161anja, ruzmarina, nevena i kurkume, doprinose ja\u010danju imunog sistema i op\u0161tem zdravlju. Glukozamin i hondroitin dodatno podr\u017eavaju zdravlje zglobova i kostiju.<\/p>\n<h3 data-start=\"1475\" data-end=\"1490\">Prednosti<\/h3>\n<ul data-start=\"1491\" data-end=\"2185\">\n<li data-start=\"1491\" data-end=\"1626\">\n<p data-start=\"1493\" data-end=\"1626\"><strong data-start=\"1496\" data-end=\"1523\">Premium riblji proteini<\/strong> \u2013 sve\u017e losos i haringa, dehidrirani i hidrolizovani riblji proteini za podr\u0161ku mi\u0161i\u0107ima i vitalnosti<\/p>\n<\/li>\n<li data-start=\"1627\" data-end=\"1746\">\n<p data-start=\"1629\" data-end=\"1746\"><strong data-start=\"1632\" data-end=\"1671\">Energetski bogata me\u0161avina \u017eitarica<\/strong> \u2013 spelta, integralni pirina\u010d, je\u010dam, ovas i proso za dugotrajnu energiju<\/p>\n<\/li>\n<li data-start=\"1747\" data-end=\"1811\">\n<p data-start=\"1749\" data-end=\"1811\"><strong data-start=\"1752\" data-end=\"1783\">Zdravlje zglobova i kostiju<\/strong> \u2013 glukozamin i hondroitin<\/p>\n<\/li>\n<li data-start=\"1812\" data-end=\"1900\">\n<p data-start=\"1814\" data-end=\"1900\"><strong data-start=\"1817\" data-end=\"1857\">Podr\u0161ka probavi i crevnoj mikroflori<\/strong> \u2013 prebiotici i vlakna (MOS, FOS, inulin)<\/p>\n<\/li>\n<li data-start=\"1901\" data-end=\"1968\">\n<p data-start=\"1903\" data-end=\"1968\"><strong data-start=\"1906\" data-end=\"1931\">Zdravlje zuba i desni<\/strong> \u2013 Ascophyllum Nodosum (braon alga)<\/p>\n<\/li>\n<li data-start=\"1969\" data-end=\"2075\">\n<p data-start=\"1971\" data-end=\"2075\"><strong data-start=\"1974\" data-end=\"2000\">Prirodni antioksidansi<\/strong> \u2013 su\u0161ena jabuka, borovnica, brusnica, tre\u0161nja, ruzmarin, neven i kurkuma<\/p>\n<\/li>\n<li data-start=\"2076\" data-end=\"2185\">\n<p data-start=\"2078\" data-end=\"2185\"><strong data-start=\"2081\" data-end=\"2116\">Kompletna i balansirana formula<\/strong> \u2013 za odrasle pse malih i igra\u010dkarskih rasa, aktivnog na\u010dina \u017eivota<\/p>\n<\/li>\n<\/ul>\n<h3 data-start=\"2192\" data-end=\"2204\">Sastav<\/h3>\n<p data-start=\"2205\" data-end=\"2881\">Losos (15%), dehidrirani protein haringe (15%), dehidrirani protein lososa (13%), haringa (11%), riblje ulje (losos), hidrolizovani riblji proteini (bakalar, osli\u0107), lan, spelta, integralni pirina\u010d, je\u010dam, ovas, proso, su\u0161ena pulpa repe, bra\u0161no lucerke, vlakna gra\u0161ka, inulin cikorije (0,4%), ekstrakt kvasca (MOS, 0,3%), frukto-oligosaharidi (FOS, 0,3%), Ascophyllum Nodosum, kalcijum-karbonat, monokalcijum-fosfat, kalijum-hlorid, natrijum-hlorid, su\u0161eni pivski kvasac, glukozamin, hondroitin-sulfat, su\u0161ena jabuka, su\u0161eni \u0161pargli, su\u0161ena borovnica, su\u0161ena brusnica, su\u0161ena tre\u0161nja, su\u0161eni ruzmarin, su\u0161ena kurkuma, su\u0161eni neven, ljuske i seme psilijuma, Yucca schidigera.<\/p>\n","protected":false},"excerpt":{"rendered":"<p>Rawival North Sea\u2019s Finest je kompletna i balansirana premium hrana za odrasle pse malih rasa sa lososom i haringom. Ova prirodna formula pru\u017ea visokokvalitetne proteine i esencijalne hranljive materije, podr\u017eavaju\u0107i energi\u010dan i zdrav \u017eivot va\u0161eg psa.<\/p>\n","protected":false},"featured_media":4253,"comment_status":"open","ping_status":"closed","template":"","meta":[],"product_brand":[],"product_cat":[263,264,265,267],"product_tag":[],"class_list":{"0":"post-4260","1":"product","2":"type-product","3":"status-publish","4":"has-post-thumbnail","6":"product_cat-psi","7":"product_cat-hrana-za-pse","8":"product_cat-suva-hrana","9":"product_cat-odrasli-psi","12":"instock","13":"shipping-taxable","14":"purchasable","15":"product-type-simple"},"_links":{"self":[{"href":"https:\/\/petshopmagelan.rs\/index.php\/wp-json\/wp\/v2\/product\/4260","targetHints":{"allow":["GET"]}}],"collection":[{"href":"https:\/\/petshopmagelan.rs\/index.php\/wp-json\/wp\/v2\/product"}],"about":[{"href":"https:\/\/petshopmagelan.rs\/index.php\/wp-json\/wp\/v2\/types\/product"}],"replies":[{"embeddable":true,"href":"https:\/\/petshopmagelan.rs\/index.php\/wp-json\/wp\/v2\/comments?post=4260"}],"wp:featuredmedia":[{"embeddable":true,"href":"https:\/\/petshopmagelan.rs\/index.php\/wp-json\/wp\/v2\/media\/4253"}],"wp:attachment":[{"href":"https:\/\/petshopmagelan.rs\/index.php\/wp-json\/wp\/v2\/media?parent=4260"}],"wp:term":[{"taxonomy":"product_brand","embeddable":true,"href":"https:\/\/petshopmagelan.rs\/index.php\/wp-json\/wp\/v2\/product_brand?post=4260"},{"taxonomy":"product_cat","embeddable":true,"href":"https:\/\/petshopmagelan.rs\/index.php\/wp-json\/wp\/v2\/product_cat?post=4260"},{"taxonomy":"product_tag","embeddable":true,"href":"https:\/\/petshopmagelan.rs\/index.php\/wp-json\/wp\/v2\/product_tag?post=4260"}],"curies":[{"name":"wp","href":"https:\/\/api.w.org\/{rel}","templated":true}]}}