{"id":4141,"date":"2025-12-22T10:22:01","date_gmt":"2025-12-22T10:22:01","guid":{"rendered":"https:\/\/petshopmagelan.rs\/?post_type=product&#038;p=4141"},"modified":"2026-02-16T13:08:22","modified_gmt":"2026-02-16T13:08:22","slug":"royal-canin-instinctive-vlazna-hrana-za-macke-85gr","status":"publish","type":"product","link":"https:\/\/petshopmagelan.rs\/index.php\/product\/royal-canin-instinctive-vlazna-hrana-za-macke-85gr\/","title":{"rendered":"ROYAL CANIN Instinctive &#8211; Vla\u017ena hrana za odrasle ma\u010dke, 85gr"},"content":{"rendered":"<p data-start=\"428\" data-end=\"779\">ROYAL CANIN Instinctive je kompletna i uravnote\u017eena vla\u017ena hrana namenjena odraslim ma\u010dkama koje tra\u017ee savr\u0161en balans izme\u0111u vrhunskog ukusa i pravilne ishrane. Posebno je formulisana tako da odgovara optimalnom makro-nutritivnom profilu koji odrasle ma\u010dke instinktivno preferiraju, \u0161to je \u010dini izuzetno primamljivom i za izbirljive ljubimce.<\/p>\n<p data-start=\"781\" data-end=\"1075\">Zahvaljuju\u0107i pa\u017eljivo odabranim sastojcima i idealnoj kombinaciji teksture, arome i ukusa, ova hrana obezbe\u0111uje visoku prihvatljivost. Sadr\u017ei proteine koji doprinose zdravlju mi\u0161i\u0107a i kostiju, vlakna koja podr\u017eavaju dobru digestiju, kao i optimalan balans minerala neophodnih za op\u0161te zdravlje.<\/p>\n<p data-start=\"1077\" data-end=\"1344\">Formulisana je sa umerenim sadr\u017eajem masti kako bi pomogla u odr\u017eavanju idealne telesne te\u017eine, dok kombinacija proteina i vlakana doprinosi ose\u0107aju sitosti. Dodatno, ova formula poma\u017ee o\u010duvanju zdravlja urinarnog sistema, \u0161to je od posebnog zna\u010daja za odrasle ma\u010dke.<\/p>\n<h3 data-start=\"1623\" data-end=\"1636\">Prednosti:<\/h3>\n<ul data-start=\"1637\" data-end=\"1908\">\n<li data-start=\"1637\" data-end=\"1750\">\n<p data-start=\"1639\" data-end=\"1750\"><strong data-start=\"1639\" data-end=\"1674\">Instinktivno prihva\u0107ena formula<\/strong> \u2013 prilago\u0111ena nutritivnom profilu koji odrasle ma\u010dke prirodno preferiraju<\/p>\n<\/li>\n<li data-start=\"1751\" data-end=\"1826\">\n<p data-start=\"1753\" data-end=\"1826\"><strong data-start=\"1753\" data-end=\"1778\">Zdrav urinarni sistem<\/strong> \u2013 poma\u017ee odr\u017eavanju zdravlja mokra\u0107nih puteva<\/p>\n<\/li>\n<li data-start=\"1827\" data-end=\"1908\">\n<p data-start=\"1829\" data-end=\"1908\"><strong data-start=\"1829\" data-end=\"1858\">Odr\u017eavanje idealne te\u017eine<\/strong> \u2013 umeren sadr\u017eaj masti za kontrolu telesne mase<\/p>\n<\/li>\n<\/ul>\n<h3 data-start=\"1915\" data-end=\"1925\">Sastav:<\/h3>\n<p data-start=\"1926\" data-end=\"2052\">Meso i proizvodi \u017eivotinjskog porekla, biljni proteinski ekstrakti, minerali, proizvodi biljnog porekla, ulja i masti, kvasci.<\/p>\n","protected":false},"excerpt":{"rendered":"<p>Kompletna vla\u017ena hrana za odrasle ma\u010dke, formulisana prema instinktivno preferisanom nutritivnom profilu. Podr\u017eava idealnu telesnu te\u017einu i zdravlje urinarnog sistema.<\/p>\n","protected":false},"featured_media":4142,"comment_status":"open","ping_status":"closed","template":"","meta":[],"product_brand":[],"product_cat":[299,300,308,314],"product_tag":[],"class_list":{"0":"post-4141","1":"product","2":"type-product","3":"status-publish","4":"has-post-thumbnail","6":"product_cat-macke","7":"product_cat-hrana-za-macke","8":"product_cat-vlazna-i-konzervirana-hrana-hrana-za-macke","9":"product_cat-odrasle-macke-vlazna-i-konzervirana-hrana-hrana-za-macke","12":"instock","13":"shipping-taxable","14":"purchasable","15":"product-type-simple"},"_links":{"self":[{"href":"https:\/\/petshopmagelan.rs\/index.php\/wp-json\/wp\/v2\/product\/4141","targetHints":{"allow":["GET"]}}],"collection":[{"href":"https:\/\/petshopmagelan.rs\/index.php\/wp-json\/wp\/v2\/product"}],"about":[{"href":"https:\/\/petshopmagelan.rs\/index.php\/wp-json\/wp\/v2\/types\/product"}],"replies":[{"embeddable":true,"href":"https:\/\/petshopmagelan.rs\/index.php\/wp-json\/wp\/v2\/comments?post=4141"}],"wp:featuredmedia":[{"embeddable":true,"href":"https:\/\/petshopmagelan.rs\/index.php\/wp-json\/wp\/v2\/media\/4142"}],"wp:attachment":[{"href":"https:\/\/petshopmagelan.rs\/index.php\/wp-json\/wp\/v2\/media?parent=4141"}],"wp:term":[{"taxonomy":"product_brand","embeddable":true,"href":"https:\/\/petshopmagelan.rs\/index.php\/wp-json\/wp\/v2\/product_brand?post=4141"},{"taxonomy":"product_cat","embeddable":true,"href":"https:\/\/petshopmagelan.rs\/index.php\/wp-json\/wp\/v2\/product_cat?post=4141"},{"taxonomy":"product_tag","embeddable":true,"href":"https:\/\/petshopmagelan.rs\/index.php\/wp-json\/wp\/v2\/product_tag?post=4141"}],"curies":[{"name":"wp","href":"https:\/\/api.w.org\/{rel}","templated":true}]}}